Last updated on 2024-08-17 05:49:34 CEST.
Flavor | Version | Tinstall | Tcheck | Ttotal | Status | Flags |
---|---|---|---|---|---|---|
r-devel-linux-x86_64-debian-clang | 1.2.5 | 6.37 | 89.44 | 95.81 | OK | |
r-devel-linux-x86_64-debian-gcc | 1.2.5 | 4.85 | 67.86 | 72.71 | OK | |
r-devel-linux-x86_64-fedora-clang | 1.2.5 | 155.26 | NOTE | |||
r-devel-linux-x86_64-fedora-gcc | 1.2.5 | 162.71 | OK | |||
r-devel-windows-x86_64 | 1.2.5 | 9.00 | 112.00 | 121.00 | NOTE | |
r-patched-linux-x86_64 | 1.2.5 | 7.28 | 84.73 | 92.01 | OK | |
r-release-linux-x86_64 | 1.2.5 | 6.57 | 85.92 | 92.49 | OK | |
r-release-macos-arm64 | 1.2.5 | 80.00 | NOTE | |||
r-release-macos-x86_64 | 1.2.5 | 107.00 | NOTE | |||
r-release-windows-x86_64 | 1.2.5 | 8.00 | 112.00 | 120.00 | NOTE | |
r-oldrel-macos-arm64 | 1.2.5 | 79.00 | NOTE | |||
r-oldrel-macos-x86_64 | 1.2.5 | 109.00 | NOTE | |||
r-oldrel-windows-x86_64 | 1.2.5 | 10.00 | 126.00 | 136.00 | NOTE |
Version: 1.2.5
Check: installed package size
Result: NOTE
installed size is 6.3Mb
sub-directories of 1Mb or more:
doc 5.1Mb
extdata 1.1Mb
Flavors: r-devel-linux-x86_64-fedora-clang, r-devel-windows-x86_64, r-release-macos-arm64, r-release-macos-x86_64, r-release-windows-x86_64, r-oldrel-macos-arm64, r-oldrel-macos-x86_64, r-oldrel-windows-x86_64