Last updated on 2024-08-17 05:49:34 CEST.
Flavor | Version | Tinstall | Tcheck | Ttotal | Status | Flags |
---|---|---|---|---|---|---|
r-devel-linux-x86_64-debian-clang | 1.1.0 | 5.70 | 49.16 | 54.86 | OK | |
r-devel-linux-x86_64-debian-gcc | 1.1.0 | 3.69 | 36.81 | 40.50 | OK | |
r-devel-linux-x86_64-fedora-clang | 1.1.0 | 89.97 | NOTE | |||
r-devel-linux-x86_64-fedora-gcc | 1.1.0 | 96.85 | NOTE | |||
r-devel-windows-x86_64 | 1.1.0 | 8.00 | 65.00 | 73.00 | OK | |
r-patched-linux-x86_64 | 1.1.0 | 5.08 | 46.66 | 51.74 | OK | |
r-release-linux-x86_64 | 1.1.0 | 4.35 | 47.47 | 51.82 | OK | |
r-release-macos-arm64 | 1.1.0 | 41.00 | OK | |||
r-release-macos-x86_64 | 1.1.0 | 51.00 | OK | |||
r-release-windows-x86_64 | 1.1.0 | 6.00 | 65.00 | 71.00 | OK | |
r-oldrel-macos-arm64 | 1.1.0 | 38.00 | OK | |||
r-oldrel-macos-x86_64 | 1.1.0 | 77.00 | OK | |||
r-oldrel-windows-x86_64 | 1.1.0 | 9.00 | 72.00 | 81.00 | OK |
Version: 1.1.0
Check: dependencies in R code
Result: NOTE
Namespace in Imports field not imported from: ‘base’
All declared Imports should be used.
Flavors: r-devel-linux-x86_64-fedora-clang, r-devel-linux-x86_64-fedora-gcc