Last updated on 2024-08-17 05:49:36 CEST.
Flavor | Version | Tinstall | Tcheck | Ttotal | Status | Flags |
---|---|---|---|---|---|---|
r-devel-linux-x86_64-debian-clang | 0.1.0 | 2.54 | 25.61 | 28.15 | OK | |
r-devel-linux-x86_64-debian-gcc | 0.1.0 | 1.86 | 20.34 | 22.20 | OK | |
r-devel-linux-x86_64-fedora-clang | 0.1.0 | 45.06 | NOTE | |||
r-devel-linux-x86_64-fedora-gcc | 0.1.0 | 42.96 | NOTE | |||
r-devel-windows-x86_64 | 0.1.0 | 4.00 | 46.00 | 50.00 | OK | |
r-patched-linux-x86_64 | 0.1.0 | 2.61 | 24.12 | 26.73 | OK | |
r-release-linux-x86_64 | 0.1.0 | 2.52 | 24.49 | 27.01 | OK | |
r-release-macos-arm64 | 0.1.0 | 18.00 | OK | |||
r-release-macos-x86_64 | 0.1.0 | 26.00 | OK | |||
r-release-windows-x86_64 | 0.1.0 | 4.00 | 45.00 | 49.00 | OK | |
r-oldrel-macos-arm64 | 0.1.0 | 19.00 | OK | |||
r-oldrel-macos-x86_64 | 0.1.0 | 26.00 | OK | |||
r-oldrel-windows-x86_64 | 0.1.0 | 5.00 | 49.00 | 54.00 | OK |
Version: 0.1.0
Check: data for non-ASCII characters
Result: NOTE
Note: found 35 marked UTF-8 strings
Flavors: r-devel-linux-x86_64-fedora-clang, r-devel-linux-x86_64-fedora-gcc