Last updated on 2025-02-04 05:50:31 CET.
Flavor | Version | Tinstall | Tcheck | Ttotal | Status | Flags |
---|---|---|---|---|---|---|
r-devel-linux-x86_64-debian-clang | 1.0.0 | 6.20 | 53.35 | 59.55 | OK | |
r-devel-linux-x86_64-debian-gcc | 1.0.0 | 5.12 | 40.64 | 45.76 | OK | |
r-devel-linux-x86_64-fedora-clang | 1.0.0 | 97.76 | OK | |||
r-devel-linux-x86_64-fedora-gcc | 1.0.0 | 92.08 | OK | |||
r-devel-windows-x86_64 | 1.0.0 | 8.00 | 73.00 | 81.00 | OK | |
r-patched-linux-x86_64 | 1.0.0 | 5.41 | 50.80 | 56.21 | NOTE | |
r-release-linux-x86_64 | 1.0.0 | 6.48 | 50.44 | 56.92 | NOTE | |
r-release-macos-arm64 | 1.0.0 | 31.00 | NOTE | |||
r-release-macos-x86_64 | 1.0.0 | 45.00 | NOTE | |||
r-release-windows-x86_64 | 1.0.0 | 7.00 | 74.00 | 81.00 | NOTE | |
r-oldrel-macos-arm64 | 1.0.0 | 34.00 | NOTE | |||
r-oldrel-macos-x86_64 | 1.0.0 | 53.00 | NOTE | |||
r-oldrel-windows-x86_64 | 1.0.0 | 8.00 | 80.00 | 88.00 | NOTE |
Version: 1.0.0
Check: LazyData
Result: NOTE
'LazyData' is specified without a 'data' directory
Flavors: r-patched-linux-x86_64, r-release-linux-x86_64, r-release-macos-arm64, r-release-macos-x86_64, r-release-windows-x86_64, r-oldrel-macos-arm64, r-oldrel-macos-x86_64, r-oldrel-windows-x86_64