Last updated on 2024-08-17 05:49:34 CEST.
Flavor | Version | Tinstall | Tcheck | Ttotal | Status | Flags |
---|---|---|---|---|---|---|
r-devel-linux-x86_64-debian-clang | 0.3.2 | 5.09 | 41.03 | 46.12 | OK | |
r-devel-linux-x86_64-debian-gcc | 0.3.2 | 3.87 | 30.26 | 34.13 | OK | |
r-devel-linux-x86_64-fedora-clang | 0.3.2 | 74.46 | NOTE | |||
r-devel-linux-x86_64-fedora-gcc | 0.3.2 | 72.37 | OK | |||
r-devel-windows-x86_64 | 0.3.2 | 6.00 | 60.00 | 66.00 | OK | |
r-patched-linux-x86_64 | 0.3.2 | 5.17 | 38.58 | 43.75 | OK | |
r-release-linux-x86_64 | 0.3.2 | 5.36 | 38.80 | 44.16 | OK | |
r-release-macos-arm64 | 0.3.2 | 24.00 | OK | |||
r-release-macos-x86_64 | 0.3.2 | 42.00 | OK | |||
r-release-windows-x86_64 | 0.3.2 | 7.00 | 62.00 | 69.00 | OK | |
r-oldrel-macos-arm64 | 0.3.2 | 30.00 | OK | |||
r-oldrel-macos-x86_64 | 0.3.2 | 44.00 | OK | |||
r-oldrel-windows-x86_64 | 0.3.2 | 9.00 | 66.00 | 75.00 | OK |
Version: 0.3.2
Check: Rd cross-references
Result: NOTE
Undeclared package ‘jsonlite’ in Rd xrefs
Flavor: r-devel-linux-x86_64-fedora-clang