Last updated on 2024-08-17 05:49:34 CEST.
Flavor | Version | Tinstall | Tcheck | Ttotal | Status | Flags |
---|---|---|---|---|---|---|
r-devel-linux-x86_64-debian-clang | 1.3-8 | 27.59 | 308.46 | 336.05 | OK | |
r-devel-linux-x86_64-debian-gcc | 1.3-8 | 18.55 | 193.13 | 211.68 | OK | |
r-devel-linux-x86_64-fedora-clang | 1.3-8 | 546.68 | NOTE | |||
r-devel-linux-x86_64-fedora-gcc | 1.3-8 | 531.74 | OK | |||
r-devel-windows-x86_64 | 1.3-8 | 26.00 | 279.00 | 305.00 | NOTE | |
r-patched-linux-x86_64 | 1.3-8 | 30.07 | 285.54 | 315.61 | OK | |
r-release-linux-x86_64 | 1.3-8 | 29.28 | 287.62 | 316.90 | OK | |
r-release-macos-arm64 | 1.3-8 | 124.00 | NOTE | |||
r-release-macos-x86_64 | 1.3-8 | 213.00 | NOTE | |||
r-release-windows-x86_64 | 1.3-8 | 27.00 | 283.00 | 310.00 | NOTE | |
r-oldrel-macos-arm64 | 1.3-8 | 151.00 | NOTE | |||
r-oldrel-macos-x86_64 | 1.3-8 | 414.00 | NOTE | |||
r-oldrel-windows-x86_64 | 1.3-8 | 37.00 | 352.00 | 389.00 | NOTE |
Version: 1.3-8
Check: installed package size
Result: NOTE
installed size is 6.3Mb
sub-directories of 1Mb or more:
data 2.1Mb
doc 3.9Mb
Flavors: r-devel-linux-x86_64-fedora-clang, r-devel-windows-x86_64, r-release-macos-arm64, r-release-macos-x86_64, r-release-windows-x86_64, r-oldrel-macos-arm64, r-oldrel-macos-x86_64, r-oldrel-windows-x86_64