Last updated on 2024-08-17 05:49:33 CEST.
Flavor | Version | Tinstall | Tcheck | Ttotal | Status | Flags |
---|---|---|---|---|---|---|
r-devel-linux-x86_64-debian-clang | 0.0.3 | 4.58 | 37.11 | 41.69 | NOTE | |
r-devel-linux-x86_64-debian-gcc | 0.0.3 | 3.30 | 28.20 | 31.50 | NOTE | |
r-devel-linux-x86_64-fedora-clang | 0.0.3 | 66.89 | NOTE | |||
r-devel-linux-x86_64-fedora-gcc | 0.0.3 | 62.23 | NOTE | |||
r-devel-windows-x86_64 | 0.0.3 | 6.00 | 55.00 | 61.00 | NOTE | |
r-patched-linux-x86_64 | 0.0.3 | 4.12 | 35.17 | 39.29 | NOTE | |
r-release-linux-x86_64 | 0.0.3 | 4.48 | 35.73 | 40.21 | NOTE | |
r-release-macos-arm64 | 0.0.3 | 24.00 | NOTE | |||
r-release-macos-x86_64 | 0.0.3 | 55.00 | NOTE | |||
r-release-windows-x86_64 | 0.0.3 | 7.00 | 54.00 | 61.00 | NOTE | |
r-oldrel-macos-arm64 | 0.0.3 | 26.00 | NOTE | |||
r-oldrel-macos-x86_64 | 0.0.3 | 33.00 | NOTE | |||
r-oldrel-windows-x86_64 | 0.0.3 | 8.00 | 63.00 | 71.00 | NOTE |
Version: 0.0.3
Check: LazyData
Result: NOTE
'LazyData' is specified without a 'data' directory
Flavors: r-devel-linux-x86_64-debian-clang, r-devel-linux-x86_64-debian-gcc, r-devel-linux-x86_64-fedora-clang, r-devel-linux-x86_64-fedora-gcc, r-devel-windows-x86_64, r-patched-linux-x86_64, r-release-linux-x86_64, r-release-macos-arm64, r-release-macos-x86_64, r-release-windows-x86_64, r-oldrel-macos-arm64, r-oldrel-macos-x86_64, r-oldrel-windows-x86_64