Last updated on 2024-08-18 04:48:23 CEST.
Flavor | Version | Tinstall | Tcheck | Ttotal | Status | Flags |
---|---|---|---|---|---|---|
r-devel-linux-x86_64-debian-clang | 1.5-1 | 88.23 | 274.86 | 363.09 | OK | |
r-devel-linux-x86_64-debian-gcc | 1.5-1 | 55.55 | 165.24 | 220.79 | OK | |
r-devel-linux-x86_64-fedora-clang | 1.5-1 | 595.61 | NOTE | |||
r-devel-linux-x86_64-fedora-gcc | 1.5-1 | 575.63 | OK | |||
r-devel-windows-x86_64 | 1.5-1 | 84.00 | 272.00 | 356.00 | NOTE | |
r-patched-linux-x86_64 | 1.5-1 | 83.64 | 254.85 | 338.49 | OK | |
r-release-linux-x86_64 | 1.5-1 | 79.81 | 256.90 | 336.71 | OK | |
r-release-macos-arm64 | 1.5-1 | 130.00 | NOTE | |||
r-release-macos-x86_64 | 1.5-1 | 255.00 | NOTE | |||
r-release-windows-x86_64 | 1.5-1 | 85.00 | 268.00 | 353.00 | NOTE | |
r-oldrel-macos-arm64 | 1.5-1 | 132.00 | NOTE | |||
r-oldrel-macos-x86_64 | 1.5-1 | 370.00 | NOTE | |||
r-oldrel-windows-x86_64 | 1.5-1 | 110.00 | 342.00 | 452.00 | NOTE |
Version: 1.5-1
Check: installed package size
Result: NOTE
installed size is 7.5Mb
sub-directories of 1Mb or more:
R 3.0Mb
libs 2.1Mb
Flavors: r-devel-linux-x86_64-fedora-clang, r-devel-windows-x86_64, r-release-macos-arm64, r-release-macos-x86_64, r-release-windows-x86_64, r-oldrel-macos-arm64, r-oldrel-macos-x86_64, r-oldrel-windows-x86_64