Last updated on 2024-08-18 04:48:22 CEST.
Flavor | Version | Tinstall | Tcheck | Ttotal | Status | Flags |
---|---|---|---|---|---|---|
r-devel-linux-x86_64-debian-clang | 1.6.3 | 210.36 | 156.53 | 366.89 | NOTE | |
r-devel-linux-x86_64-debian-gcc | 1.6.3 | 142.40 | 108.26 | 250.66 | NOTE | |
r-devel-linux-x86_64-fedora-clang | 1.6.3 | 640.74 | NOTE | |||
r-devel-linux-x86_64-fedora-gcc | 1.6.3 | 674.12 | OK | |||
r-devel-windows-x86_64 | 1.6.3 | 195.00 | 244.00 | 439.00 | NOTE | |
r-patched-linux-x86_64 | 1.6.3 | 201.55 | 146.73 | 348.28 | OK | |
r-release-linux-x86_64 | 1.6.3 | 197.72 | 149.08 | 346.80 | OK | |
r-release-macos-arm64 | 1.6.3 | 169.00 | NOTE | |||
r-release-macos-x86_64 | 1.6.3 | 204.00 | NOTE | |||
r-release-windows-x86_64 | 1.6.3 | 196.00 | 242.00 | 438.00 | NOTE | |
r-oldrel-macos-arm64 | 1.6.3 | 170.00 | NOTE | |||
r-oldrel-macos-x86_64 | 1.6.3 | 291.00 | NOTE | |||
r-oldrel-windows-x86_64 | 1.6.3 | 237.00 | 278.00 | 515.00 | NOTE |
Version: 1.6.3
Check: Rd cross-references
Result: NOTE
Found the following Rd file(s) with Rd \link{} targets missing package
anchors:
aft-class.Rd: mle2-class
aft.Rd: Surv, mle2, survreg, coxph
cox.tvc.Rd: coxph, cox.zph
gsm.Rd: Surv, mle2
markov_msm.Rd: lsode, ode
pstpm2-class.Rd: mle2-class
stpm2-class.Rd: mle2-class
tvcCoxph-class.Rd: mle2-class
Please provide package anchors for all Rd \link{} targets not in the
package itself and the base packages.
Flavors: r-devel-linux-x86_64-debian-clang, r-devel-linux-x86_64-debian-gcc, r-devel-windows-x86_64
Version: 1.6.3
Check: installed package size
Result: NOTE
installed size is 18.2Mb
sub-directories of 1Mb or more:
libs 2.2Mb
Flavors: r-devel-linux-x86_64-fedora-clang, r-devel-windows-x86_64, r-release-macos-arm64, r-release-macos-x86_64, r-release-windows-x86_64, r-oldrel-macos-arm64, r-oldrel-macos-x86_64, r-oldrel-windows-x86_64