Last updated on 2024-08-18 04:48:22 CEST.
Flavor | Version | Tinstall | Tcheck | Ttotal | Status | Flags |
---|---|---|---|---|---|---|
r-devel-linux-x86_64-debian-clang | 2.10.5 | 4.09 | 94.74 | 98.83 | OK | |
r-devel-linux-x86_64-debian-gcc | 2.10.5 | 2.86 | 71.17 | 74.03 | OK | |
r-devel-linux-x86_64-fedora-clang | 2.10.5 | 160.29 | OK | |||
r-devel-linux-x86_64-fedora-gcc | 2.10.5 | 177.38 | OK | |||
r-devel-windows-x86_64 | 2.10.5 | 8.00 | 94.00 | 102.00 | OK | |
r-patched-linux-x86_64 | 2.10.5 | 5.07 | 91.57 | 96.64 | OK | |
r-release-linux-x86_64 | 2.10.5 | 3.26 | 91.65 | 94.91 | OK | |
r-release-macos-arm64 | 2.10.5 | 78.00 | OK | |||
r-release-macos-x86_64 | 2.10.5 | 164.00 | OK | |||
r-release-windows-x86_64 | 2.10.5 | 8.00 | 91.00 | 99.00 | OK | |
r-oldrel-macos-arm64 | 2.10.5 | 62.00 | ERROR | |||
r-oldrel-macos-x86_64 | 2.10.5 | 133.00 | ERROR | |||
r-oldrel-windows-x86_64 | 2.10.5 | 10.00 | 107.00 | 117.00 | OK |
Version: 2.10.5
Check: running R code from vignettes
Result: ERROR
Errors in running code in vignettes:
when running code in ‘illus.rmd’
...
> varfcn(expt1, ~FO(x1, x2, x3))
> varfcn(expt1, ~FO(x1, x2, x3), contour = TRUE)
> varfcn(expt1, ~SO(x1, x2, x3))
When sourcing ‘illus.R’:
Error: Lapack routine dgesv: system is exactly singular: U[5,5] = 0
Execution halted
‘article-JSS.rmd’ using ‘UTF-8’... [1s/1s] OK
‘illus.rmd’ using ‘UTF-8’... failed
‘plots.rmd’ using ‘UTF-8’... [1s/1s] OK
Flavor: r-oldrel-macos-arm64
Version: 2.10.5
Check: running R code from vignettes
Result: ERROR
Errors in running code in vignettes:
when running code in ‘illus.rmd’
...
> varfcn(expt1, ~FO(x1, x2, x3))
> varfcn(expt1, ~FO(x1, x2, x3), contour = TRUE)
> varfcn(expt1, ~SO(x1, x2, x3))
When sourcing ‘illus.R’:
Error: Lapack routine dgesv: system is exactly singular: U[5,5] = 0
Execution halted
‘article-JSS.rmd’ using ‘UTF-8’... [2s/4s] OK
‘illus.rmd’ using ‘UTF-8’... failed
‘plots.rmd’ using ‘UTF-8’... [2s/4s] OK
Flavor: r-oldrel-macos-x86_64