Last updated on 2024-08-18 04:48:22 CEST.
Flavor | Version | Tinstall | Tcheck | Ttotal | Status | Flags |
---|---|---|---|---|---|---|
r-devel-linux-x86_64-debian-clang | 4.0.0 | 198.54 | 520.92 | 719.46 | OK | |
r-devel-linux-x86_64-debian-gcc | 4.0.0 | 118.37 | 351.88 | 470.25 | OK | |
r-devel-linux-x86_64-fedora-clang | 4.0.0 | 1159.80 | NOTE | |||
r-devel-linux-x86_64-fedora-gcc | 4.0.0 | 1155.18 | OK | |||
r-devel-windows-x86_64 | 4.0.0 | 176.00 | 595.00 | 771.00 | NOTE | |
r-patched-linux-x86_64 | 4.0.0 | 186.58 | 503.13 | 689.71 | OK | |
r-release-linux-x86_64 | 4.0.0 | 172.57 | 503.34 | 675.91 | OK | |
r-release-macos-arm64 | 4.0.0 | 292.00 | NOTE | |||
r-release-macos-x86_64 | 4.0.0 | 618.00 | NOTE | |||
r-release-windows-x86_64 | 4.0.0 | 174.00 | 579.00 | 753.00 | NOTE | |
r-oldrel-macos-arm64 | 4.0.0 | 294.00 | NOTE | |||
r-oldrel-macos-x86_64 | 4.0.0 | 622.00 | NOTE | |||
r-oldrel-windows-x86_64 | 4.0.0 | 221.00 | 699.00 | 920.00 | NOTE |
Version: 4.0.0
Check: installed package size
Result: NOTE
installed size is 7.1Mb
sub-directories of 1Mb or more:
R 4.6Mb
libs 1.3Mb
Flavors: r-devel-linux-x86_64-fedora-clang, r-devel-windows-x86_64, r-release-macos-arm64, r-release-macos-x86_64, r-release-windows-x86_64, r-oldrel-macos-arm64, r-oldrel-macos-x86_64, r-oldrel-windows-x86_64