CRAN Package Check Results for Package rockr

Last updated on 2025-02-10 03:49:29 CET.

Flavor Version Tinstall Tcheck Ttotal Status Flags
r-devel-linux-x86_64-debian-clang 1.0.0 2.71 26.68 29.39 OK
r-devel-linux-x86_64-debian-gcc 1.0.0 1.70 20.79 22.49 OK
r-devel-linux-x86_64-fedora-clang 1.0.0 47.66 NOTE
r-devel-linux-x86_64-fedora-gcc 1.0.0 43.87 NOTE
r-devel-windows-x86_64 1.0.0 4.00 55.00 59.00 OK
r-patched-linux-x86_64 1.0.0 3.33 25.46 28.79 NOTE
r-release-linux-x86_64 1.0.0 2.03 25.35 27.38 NOTE
r-release-macos-arm64 1.0.0 18.00 NOTE
r-release-macos-x86_64 1.0.0 27.00 NOTE
r-release-windows-x86_64 1.0.0 5.00 56.00 61.00 NOTE
r-oldrel-macos-arm64 1.0.0 20.00 NOTE
r-oldrel-macos-x86_64 1.0.0 25.00 NOTE
r-oldrel-windows-x86_64 1.0.0 5.00 58.00 63.00 NOTE

Check Details

Version: 1.0.0
Check: dependencies in R code
Result: NOTE Namespace in Imports field not imported from: ‘progress’ All declared Imports should be used. Flavors: r-devel-linux-x86_64-fedora-clang, r-devel-linux-x86_64-fedora-gcc

Version: 1.0.0
Check: LazyData
Result: NOTE 'LazyData' is specified without a 'data' directory Flavors: r-patched-linux-x86_64, r-release-linux-x86_64, r-release-macos-arm64, r-release-macos-x86_64, r-release-windows-x86_64, r-oldrel-macos-arm64, r-oldrel-macos-x86_64, r-oldrel-windows-x86_64