Last updated on 2025-02-10 03:49:29 CET.
Flavor | Version | Tinstall | Tcheck | Ttotal | Status | Flags |
---|---|---|---|---|---|---|
r-devel-linux-x86_64-debian-clang | 1.3.1 | 212.11 | 32.91 | 245.02 | NOTE | |
r-devel-linux-x86_64-debian-gcc | 1.3.1 | 182.12 | 26.04 | 208.16 | NOTE | |
r-devel-linux-x86_64-fedora-clang | 1.3.1 | 381.59 | NOTE | |||
r-devel-linux-x86_64-fedora-gcc | 1.3.1 | 581.78 | NOTE | |||
r-devel-windows-x86_64 | 1.3.1 | 216.00 | 101.00 | 317.00 | NOTE | |
r-patched-linux-x86_64 | 1.3.1 | 254.45 | 30.94 | 285.39 | OK | |
r-release-linux-x86_64 | 1.3.1 | 258.24 | 30.84 | 289.08 | OK | |
r-release-macos-arm64 | 1.3.1 | 144.00 | NOTE | |||
r-release-macos-x86_64 | 1.3.1 | 162.00 | NOTE | |||
r-release-windows-x86_64 | 1.3.1 | 215.00 | 107.00 | 322.00 | NOTE | |
r-oldrel-macos-arm64 | 1.3.1 | 145.00 | NOTE | |||
r-oldrel-macos-x86_64 | 1.3.1 | 155.00 | NOTE | |||
r-oldrel-windows-x86_64 | 1.3.1 | 254.00 | 120.00 | 374.00 | NOTE |
Version: 1.3.1
Check: DESCRIPTION meta-information
Result: NOTE
Missing dependency on R >= 4.1.0 because package code uses the pipe
|> or function shorthand \(...) syntax added in R 4.1.0.
File(s) using such syntax:
‘flatten.R’ ‘patch.R’ ‘rquerypivot.R’
Flavors: r-devel-linux-x86_64-debian-clang, r-devel-linux-x86_64-debian-gcc, r-devel-linux-x86_64-fedora-clang, r-devel-linux-x86_64-fedora-gcc, r-devel-windows-x86_64
Version: 1.3.1
Check: installed package size
Result: NOTE
installed size is 55.9Mb
sub-directories of 1Mb or more:
include 3.4Mb
libs 51.6Mb
Flavors: r-release-macos-arm64, r-release-macos-x86_64, r-release-windows-x86_64, r-oldrel-macos-arm64, r-oldrel-macos-x86_64, r-oldrel-windows-x86_64