Last updated on 2025-02-10 03:49:29 CET.
Flavor | Version | Tinstall | Tcheck | Ttotal | Status | Flags |
---|---|---|---|---|---|---|
r-devel-linux-x86_64-debian-clang | 0.14.4 | 3.95 | 62.09 | 66.04 | NOTE | |
r-devel-linux-x86_64-debian-gcc | 0.14.4 | 2.83 | 47.66 | 50.49 | NOTE | |
r-devel-linux-x86_64-fedora-clang | 0.14.4 | 108.22 | NOTE | |||
r-devel-linux-x86_64-fedora-gcc | 0.14.4 | 118.46 | NOTE | |||
r-devel-windows-x86_64 | 0.14.4 | 4.00 | 86.00 | 90.00 | NOTE | |
r-patched-linux-x86_64 | 0.14.4 | 3.48 | 59.43 | 62.91 | OK | |
r-release-linux-x86_64 | 0.14.4 | 3.48 | 59.14 | 62.62 | OK | |
r-release-macos-arm64 | 0.14.4 | 61.00 | OK | |||
r-release-macos-x86_64 | 0.14.4 | 115.00 | OK | |||
r-release-windows-x86_64 | 0.14.4 | 6.00 | 88.00 | 94.00 | OK | |
r-oldrel-macos-arm64 | 0.14.3 | 61.00 | OK | |||
r-oldrel-macos-x86_64 | 0.14.3 | 125.00 | OK | |||
r-oldrel-windows-x86_64 | 0.14.4 | 6.00 | 98.00 | 104.00 | OK |
Version: 0.14.4
Check: DESCRIPTION meta-information
Result: NOTE
Missing dependency on R >= 4.1.0 because package code uses the pipe
|> or function shorthand \(...) syntax added in R 4.1.0.
File(s) using such syntax:
‘fetchers.R’ ‘rix_helpers.R’
Flavors: r-devel-linux-x86_64-debian-clang, r-devel-linux-x86_64-debian-gcc, r-devel-linux-x86_64-fedora-clang, r-devel-linux-x86_64-fedora-gcc, r-devel-windows-x86_64