Last updated on 2024-08-17 05:49:32 CEST.
Flavor | Version | Tinstall | Tcheck | Ttotal | Status | Flags |
---|---|---|---|---|---|---|
r-devel-linux-x86_64-debian-clang | 0.1.0 | 3.88 | 53.40 | 57.28 | NOTE | |
r-devel-linux-x86_64-debian-gcc | 0.1.0 | 3.44 | 37.22 | 40.66 | NOTE | |
r-devel-linux-x86_64-fedora-clang | 0.1.0 | 93.56 | OK | |||
r-devel-linux-x86_64-fedora-gcc | 0.1.0 | 100.17 | OK | |||
r-devel-windows-x86_64 | 0.1.0 | 6.00 | 70.00 | 76.00 | NOTE | |
r-patched-linux-x86_64 | 0.1.0 | 7.24 | 51.71 | 58.95 | OK | |
r-release-linux-x86_64 | 0.1.0 | 4.23 | 51.18 | 55.41 | OK | |
r-release-macos-arm64 | 0.1.0 | 34.00 | OK | |||
r-release-macos-x86_64 | 0.1.0 | 54.00 | OK | |||
r-release-windows-x86_64 | 0.1.0 | 6.00 | 69.00 | 75.00 | OK | |
r-oldrel-macos-arm64 | 0.1.0 | 32.00 | OK | |||
r-oldrel-macos-x86_64 | 0.1.0 | 50.00 | OK | |||
r-oldrel-windows-x86_64 | 0.1.0 | 7.00 | 79.00 | 86.00 | OK |
Version: 0.1.0
Check: Rd cross-references
Result: NOTE
Found the following Rd file(s) with Rd \link{} targets missing package
anchors:
fish_draw.Rd: aes, geom_path
Please provide package anchors for all Rd \link{} targets not in the
package itself and the base packages.
Flavors: r-devel-linux-x86_64-debian-clang, r-devel-linux-x86_64-debian-gcc, r-devel-windows-x86_64