Last updated on 2024-08-17 05:49:32 CEST.
Flavor | Version | Tinstall | Tcheck | Ttotal | Status | Flags |
---|---|---|---|---|---|---|
r-devel-linux-x86_64-debian-clang | 1.5.4 | 45.00 | 380.92 | 425.92 | OK | |
r-devel-linux-x86_64-debian-gcc | 1.5.4 | 29.80 | 210.20 | 240.00 | OK | |
r-devel-linux-x86_64-fedora-clang | 1.5.4 | 709.67 | OK | |||
r-devel-linux-x86_64-fedora-gcc | 1.5.4 | 701.05 | OK | |||
r-devel-windows-x86_64 | 1.5.4 | 41.00 | 379.00 | 420.00 | OK | |
r-patched-linux-x86_64 | 1.5.4 | 41.75 | 354.27 | 396.02 | OK | |
r-release-linux-x86_64 | 1.5.4 | 44.85 | 358.31 | 403.16 | OK | |
r-release-macos-arm64 | 1.5.4 | 159.00 | NOTE | |||
r-release-macos-x86_64 | 1.5.4 | 1803.00 | ERROR | |||
r-release-windows-x86_64 | 1.5.4 | 43.00 | 376.00 | 419.00 | OK | |
r-oldrel-macos-arm64 | 1.5.4 | 236.00 | NOTE | |||
r-oldrel-macos-x86_64 | 1.5.4 | 1803.00 | ERROR | |||
r-oldrel-windows-x86_64 | 1.5.4 | 54.00 | 491.00 | 545.00 | OK |
Version: 1.5.4
Check: installed package size
Result: NOTE
installed size is 5.9Mb
sub-directories of 1Mb or more:
libs 4.7Mb
Flavors: r-release-macos-arm64, r-release-macos-x86_64, r-oldrel-macos-arm64, r-oldrel-macos-x86_64
Version: 1.5.4
Check: tests
Result: ERROR
Running ‘testthat.R’ [21m/28m]
Running the tests in ‘tests/testthat.R’ failed.
Complete output:
> library(testthat)
> library(revdbayes)
>
> test_check("revdbayes")
Execution halted
Flavor: r-release-macos-x86_64
Version: 1.5.4
Check: tests
Result: ERROR
Running ‘testthat.R’ [17m/28m]
Running the tests in ‘tests/testthat.R’ failed.
Complete output:
> library(testthat)
> library(revdbayes)
>
> test_check("revdbayes")
Execution halted
Flavor: r-oldrel-macos-x86_64