Last updated on 2024-08-17 05:49:32 CEST.
Flavor | Version | Tinstall | Tcheck | Ttotal | Status | Flags |
---|---|---|---|---|---|---|
r-devel-linux-x86_64-debian-clang | 1.1.7 | 4.00 | 42.02 | 46.02 | OK | |
r-devel-linux-x86_64-debian-gcc | 1.1.7 | 3.04 | 30.94 | 33.98 | OK | |
r-devel-linux-x86_64-fedora-clang | 1.1.7 | 75.31 | NOTE | |||
r-devel-linux-x86_64-fedora-gcc | 1.1.7 | 175.62 | OK | |||
r-devel-windows-x86_64 | 1.1.7 | 6.00 | 68.00 | 74.00 | OK | |
r-patched-linux-x86_64 | 1.1.7 | 4.39 | 40.16 | 44.55 | OK | |
r-release-linux-x86_64 | 1.1.7 | 4.35 | 39.84 | 44.19 | OK | |
r-release-macos-arm64 | 1.1.7 | 53.00 | OK | |||
r-release-macos-x86_64 | 1.1.7 | 115.00 | OK | |||
r-release-windows-x86_64 | 1.1.7 | 5.00 | 69.00 | 74.00 | OK | |
r-oldrel-macos-arm64 | 1.1.7 | 69.00 | OK | |||
r-oldrel-macos-x86_64 | 1.1.7 | 211.00 | OK | |||
r-oldrel-windows-x86_64 | 1.1.7 | 7.00 | 71.00 | 78.00 | OK |
Version: 1.1.7
Check: Rd cross-references
Result: NOTE
Undeclared package ‘ggplot2’ in Rd xrefs
Flavor: r-devel-linux-x86_64-fedora-clang