Last updated on 2024-08-18 04:48:21 CEST.
Flavor | Version | Tinstall | Tcheck | Ttotal | Status | Flags |
---|---|---|---|---|---|---|
r-devel-linux-x86_64-debian-clang | 0.1.0 | 16.38 | 146.64 | 163.02 | NOTE | |
r-devel-linux-x86_64-debian-gcc | 0.1.0 | 10.71 | 99.11 | 109.82 | NOTE | |
r-devel-linux-x86_64-fedora-clang | 0.1.0 | 261.26 | OK | |||
r-devel-linux-x86_64-fedora-gcc | 0.1.0 | 255.86 | OK | |||
r-devel-windows-x86_64 | 0.1.0 | 19.00 | 164.00 | 183.00 | NOTE | |
r-patched-linux-x86_64 | 0.1.0 | 25.12 | 137.98 | 163.10 | OK | |
r-release-linux-x86_64 | 0.1.0 | 16.29 | 136.98 | 153.27 | OK | |
r-release-macos-arm64 | 0.1.0 | 89.00 | OK | |||
r-release-macos-x86_64 | 0.1.0 | 174.00 | OK | |||
r-release-windows-x86_64 | 0.1.0 | 19.00 | 164.00 | 183.00 | OK | |
r-oldrel-macos-arm64 | 0.1.0 | 82.00 | OK | |||
r-oldrel-macos-x86_64 | 0.1.0 | 144.00 | OK | |||
r-oldrel-windows-x86_64 | 0.1.0 | 24.00 | 203.00 | 227.00 | OK |
Version: 0.1.0
Check: Rd cross-references
Result: NOTE
Found the following Rd file(s) with Rd \link{} targets missing package
anchors:
crrRx.Rd: crr
plotuv.Rd: ggplot, ggarrange
rm_covsum.Rd: cramer_v, eta_squared
rm_survdiff.Rd: survfit, survdiff
rm_survsum.Rd: survfit
rm_survtime.Rd: survfit
rm_uvsum.Rd: crr, coxph, lme, geeglm, polr
uvsum.Rd: crr, coxph, lme, geeglm, polr, glm.nb
Please provide package anchors for all Rd \link{} targets not in the
package itself and the base packages.
Flavors: r-devel-linux-x86_64-debian-clang, r-devel-linux-x86_64-debian-gcc, r-devel-windows-x86_64