Last updated on 2024-08-17 05:49:32 CEST.
Flavor | Version | Tinstall | Tcheck | Ttotal | Status | Flags |
---|---|---|---|---|---|---|
r-devel-linux-x86_64-debian-clang | 0.3.3 | 3.40 | 37.02 | 40.42 | NOTE | |
r-devel-linux-x86_64-debian-gcc | 0.3.3 | 2.83 | 27.39 | 30.22 | NOTE | |
r-devel-linux-x86_64-fedora-clang | 0.3.3 | 66.64 | NOTE | |||
r-devel-linux-x86_64-fedora-gcc | 0.3.3 | 75.17 | NOTE | |||
r-devel-windows-x86_64 | 0.3.3 | 5.00 | 56.00 | 61.00 | NOTE | |
r-patched-linux-x86_64 | 0.3.3 | 3.32 | 34.90 | 38.22 | NOTE | |
r-release-linux-x86_64 | 0.3.3 | 3.57 | 35.20 | 38.77 | NOTE | |
r-release-macos-arm64 | 0.3.3 | 30.00 | NOTE | |||
r-release-macos-x86_64 | 0.3.3 | 43.00 | NOTE | |||
r-release-windows-x86_64 | 0.3.3 | 6.00 | 57.00 | 63.00 | NOTE | |
r-oldrel-macos-arm64 | 0.3.3 | 28.00 | NOTE | |||
r-oldrel-macos-x86_64 | 0.3.3 | 43.00 | NOTE | |||
r-oldrel-windows-x86_64 | 0.3.3 | 7.00 | 60.00 | 67.00 | NOTE |
Version: 0.3.3
Check: LazyData
Result: NOTE
'LazyData' is specified without a 'data' directory
Flavors: r-devel-linux-x86_64-debian-clang, r-devel-linux-x86_64-debian-gcc, r-devel-linux-x86_64-fedora-clang, r-devel-linux-x86_64-fedora-gcc, r-devel-windows-x86_64, r-patched-linux-x86_64, r-release-linux-x86_64, r-release-macos-arm64, r-release-macos-x86_64, r-release-windows-x86_64, r-oldrel-macos-arm64, r-oldrel-macos-x86_64, r-oldrel-windows-x86_64