Last updated on 2025-02-10 03:49:28 CET.
Flavor | Version | Tinstall | Tcheck | Ttotal | Status | Flags |
---|---|---|---|---|---|---|
r-devel-linux-x86_64-debian-clang | 0.3.3 | 3.91 | 36.65 | 40.56 | OK | |
r-devel-linux-x86_64-debian-gcc | 0.3.3 | 2.77 | 28.49 | 31.26 | OK | |
r-devel-linux-x86_64-fedora-clang | 0.3.3 | 66.88 | OK | |||
r-devel-linux-x86_64-fedora-gcc | 0.3.3 | 74.70 | OK | |||
r-devel-windows-x86_64 | 0.3.3 | 6.00 | 58.00 | 64.00 | OK | |
r-patched-linux-x86_64 | 0.3.3 | 3.69 | 34.87 | 38.56 | NOTE | |
r-release-linux-x86_64 | 0.3.3 | 3.36 | 34.39 | 37.75 | NOTE | |
r-release-macos-arm64 | 0.3.3 | 30.00 | NOTE | |||
r-release-macos-x86_64 | 0.3.3 | 43.00 | NOTE | |||
r-release-windows-x86_64 | 0.3.3 | 7.00 | 56.00 | 63.00 | NOTE | |
r-oldrel-macos-arm64 | 0.3.3 | 28.00 | NOTE | |||
r-oldrel-macos-x86_64 | 0.3.3 | 43.00 | NOTE | |||
r-oldrel-windows-x86_64 | 0.3.3 | 7.00 | 61.00 | 68.00 | NOTE |
Version: 0.3.3
Check: LazyData
Result: NOTE
'LazyData' is specified without a 'data' directory
Flavors: r-patched-linux-x86_64, r-release-linux-x86_64, r-release-macos-arm64, r-release-macos-x86_64, r-release-windows-x86_64, r-oldrel-macos-arm64, r-oldrel-macos-x86_64, r-oldrel-windows-x86_64