Last updated on 2025-02-10 03:49:28 CET.
Flavor | Version | Tinstall | Tcheck | Ttotal | Status | Flags |
---|---|---|---|---|---|---|
r-devel-linux-x86_64-debian-clang | 0.1.11 | 4.83 | 73.61 | 78.44 | NOTE | |
r-devel-linux-x86_64-debian-gcc | 0.1.11 | 3.65 | 51.64 | 55.29 | NOTE | |
r-devel-linux-x86_64-fedora-clang | 0.1.11 | 130.92 | NOTE | |||
r-devel-linux-x86_64-fedora-gcc | 0.1.11 | 136.16 | NOTE | |||
r-devel-windows-x86_64 | 0.1.11 | 7.00 | 92.00 | 99.00 | NOTE | |
r-patched-linux-x86_64 | 0.1.11 | 5.15 | 68.63 | 73.78 | OK | |
r-release-linux-x86_64 | 0.1.11 | 4.98 | 68.49 | 73.47 | OK | |
r-release-macos-arm64 | 0.1.11 | 49.00 | OK | |||
r-release-macos-x86_64 | 0.1.11 | 74.00 | OK | |||
r-release-windows-x86_64 | 0.1.11 | 9.00 | 94.00 | 103.00 | OK | |
r-oldrel-macos-arm64 | 0.1.11 | 46.00 | OK | |||
r-oldrel-macos-x86_64 | 0.1.11 | 75.00 | OK | |||
r-oldrel-windows-x86_64 | 0.1.11 | 9.00 | 101.00 | 110.00 | OK |
Version: 0.1.11
Check: DESCRIPTION meta-information
Result: NOTE
Missing dependency on R >= 4.1.0 because package code uses the pipe
|> or function shorthand \(...) syntax added in R 4.1.0.
File(s) using such syntax:
‘tidy_rba.R’
Flavors: r-devel-linux-x86_64-debian-clang, r-devel-linux-x86_64-debian-gcc, r-devel-linux-x86_64-fedora-clang, r-devel-linux-x86_64-fedora-gcc, r-devel-windows-x86_64