Last updated on 2024-08-17 05:49:32 CEST.
Flavor | Version | Tinstall | Tcheck | Ttotal | Status | Flags |
---|---|---|---|---|---|---|
r-devel-linux-x86_64-debian-clang | 0.2.8 | 5.69 | 55.96 | 61.65 | ERROR | |
r-devel-linux-x86_64-debian-gcc | 0.2.8 | 4.48 | 41.68 | 46.16 | ERROR | |
r-devel-linux-x86_64-fedora-clang | 0.2.8 | 102.84 | ERROR | |||
r-devel-linux-x86_64-fedora-gcc | 0.2.8 | 112.26 | ERROR | |||
r-devel-windows-x86_64 | 0.2.8 | 8.00 | 72.00 | 80.00 | OK | |
r-patched-linux-x86_64 | 0.2.8 | 5.65 | 55.05 | 60.70 | OK | |
r-release-linux-x86_64 | 0.2.8 | 5.84 | 55.06 | 60.90 | OK | |
r-release-macos-arm64 | 0.2.8 | 36.00 | OK | |||
r-release-macos-x86_64 | 0.2.8 | 57.00 | OK | |||
r-release-windows-x86_64 | 0.2.8 | 8.00 | 72.00 | 80.00 | OK | |
r-oldrel-macos-arm64 | 0.2.8 | 51.00 | OK | |||
r-oldrel-macos-x86_64 | 0.2.8 | 84.00 | OK | |||
r-oldrel-windows-x86_64 | 0.2.8 | 10.00 | 80.00 | 90.00 | OK |
Version: 0.2.8
Check: re-building of vignette outputs
Result: ERROR
Error(s) in re-building vignettes:
...
--- re-building ‘rdf_intro.Rmd’ using rmarkdown
Quitting from lines 339-345 [unnamed-chunk-28] (rdf_intro.Rmd)
Error: processing vignette 'rdf_intro.Rmd' failed with diagnostics:
subscript out of bounds
--- failed re-building ‘rdf_intro.Rmd’
SUMMARY: processing the following file failed:
‘rdf_intro.Rmd’
Error: Vignette re-building failed.
Execution halted
Flavors: r-devel-linux-x86_64-debian-clang, r-devel-linux-x86_64-debian-gcc
Version: 0.2.8
Check: re-building of vignette outputs
Result: ERROR
Error(s) in re-building vignettes:
--- re-building ‘rdf_intro.Rmd’ using rmarkdown
Quitting from lines 339-345 [unnamed-chunk-28] (rdf_intro.Rmd)
Error: processing vignette 'rdf_intro.Rmd' failed with diagnostics:
subscript out of bounds
--- failed re-building ‘rdf_intro.Rmd’
SUMMARY: processing the following file failed:
‘rdf_intro.Rmd’
Error: Vignette re-building failed.
Execution halted
Flavors: r-devel-linux-x86_64-fedora-clang, r-devel-linux-x86_64-fedora-gcc