Last updated on 2024-08-17 05:49:32 CEST.
Flavor | Version | Tinstall | Tcheck | Ttotal | Status | Flags |
---|---|---|---|---|---|---|
r-devel-linux-x86_64-debian-clang | 2.0.1 | 4.01 | 21.35 | 25.36 | OK | |
r-devel-linux-x86_64-debian-gcc | 2.0.1 | 3.59 | 16.73 | 20.32 | OK | |
r-devel-linux-x86_64-fedora-clang | 2.0.1 | 38.60 | NOTE | |||
r-devel-linux-x86_64-fedora-gcc | 2.0.1 | 36.56 | OK | |||
r-devel-windows-x86_64 | 2.0.1 | 6.00 | 44.00 | 50.00 | NOTE | |
r-patched-linux-x86_64 | 2.0.1 | 4.18 | 20.17 | 24.35 | OK | |
r-release-linux-x86_64 | 2.0.1 | 3.78 | 20.33 | 24.11 | OK | |
r-release-macos-arm64 | 2.0.1 | 29.00 | NOTE | |||
r-release-macos-x86_64 | 2.0.1 | 43.00 | NOTE | |||
r-release-windows-x86_64 | 2.0.1 | 6.00 | 42.00 | 48.00 | NOTE | |
r-oldrel-macos-arm64 | 2.0.1 | 22.00 | NOTE | |||
r-oldrel-macos-x86_64 | 2.0.1 | 46.00 | NOTE | |||
r-oldrel-windows-x86_64 | 2.0.1 | 7.00 | 44.00 | 51.00 | NOTE |
Version: 2.0.1
Check: installed package size
Result: NOTE
installed size is 7.8Mb
sub-directories of 1Mb or more:
corpora 7.6Mb
Flavors: r-devel-linux-x86_64-fedora-clang, r-devel-windows-x86_64, r-release-macos-arm64, r-release-macos-x86_64, r-release-windows-x86_64, r-oldrel-macos-arm64, r-oldrel-macos-x86_64, r-oldrel-windows-x86_64