Last updated on 2024-08-17 05:49:32 CEST.
Flavor | Version | Tinstall | Tcheck | Ttotal | Status | Flags |
---|---|---|---|---|---|---|
r-devel-linux-x86_64-debian-clang | 0.4.0 | 9.78 | 78.55 | 88.33 | NOTE | |
r-devel-linux-x86_64-debian-gcc | 0.4.0 | 7.09 | 57.95 | 65.04 | NOTE | |
r-devel-linux-x86_64-fedora-clang | 0.4.0 | 141.50 | OK | |||
r-devel-linux-x86_64-fedora-gcc | 0.4.0 | 146.39 | OK | |||
r-devel-windows-x86_64 | 0.4.0 | 9.00 | 85.00 | 94.00 | NOTE | |
r-patched-linux-x86_64 | 0.4.0 | 13.50 | 77.21 | 90.71 | OK | |
r-release-linux-x86_64 | 0.4.0 | 8.56 | 75.30 | 83.86 | OK | |
r-release-macos-arm64 | 0.4.0 | 46.00 | OK | |||
r-release-macos-x86_64 | 0.4.0 | 74.00 | OK | |||
r-release-windows-x86_64 | 0.4.0 | 11.00 | 86.00 | 97.00 | OK | |
r-oldrel-macos-arm64 | 0.4.0 | 45.00 | OK | |||
r-oldrel-macos-x86_64 | 0.4.0 | 101.00 | OK | |||
r-oldrel-windows-x86_64 | 0.4.0 | 12.00 | 103.00 | 115.00 | OK |
Version: 0.4.0
Check: Rd cross-references
Result: NOTE
Found the following Rd file(s) with Rd \link{} targets missing package
anchors:
acceptance_rate.Rd: libbi, get_traces
adapt_particles.Rd: libbi
adapt_proposal.Rd: libbi
get_mvn_params.Rd: libbi
numeric_to_time.Rd: libbi
update_proposal.Rd: bi_model
Please provide package anchors for all Rd \link{} targets not in the
package itself and the base packages.
Flavors: r-devel-linux-x86_64-debian-clang, r-devel-linux-x86_64-debian-gcc, r-devel-windows-x86_64