Last updated on 2024-08-17 05:49:32 CEST.
Flavor | Version | Tinstall | Tcheck | Ttotal | Status | Flags |
---|---|---|---|---|---|---|
r-devel-linux-x86_64-debian-clang | 0.1-1 | 5.06 | 34.78 | 39.84 | NOTE | |
r-devel-linux-x86_64-debian-gcc | 0.1-1 | 3.19 | 25.84 | 29.03 | NOTE | |
r-devel-linux-x86_64-fedora-clang | 0.1-1 | 63.39 | NOTE | |||
r-devel-linux-x86_64-fedora-gcc | 0.1-1 | 59.79 | NOTE | |||
r-devel-windows-x86_64 | 0.1-1 | 7.00 | 65.00 | 72.00 | NOTE | |
r-patched-linux-x86_64 | 0.1-1 | 7.64 | 32.94 | 40.58 | NOTE | |
r-release-linux-x86_64 | 0.1-1 | 4.77 | 33.27 | 38.04 | NOTE | |
r-release-macos-arm64 | 0.1-1 | 21.00 | NOTE | |||
r-release-macos-x86_64 | 0.1-1 | 31.00 | NOTE | |||
r-release-windows-x86_64 | 0.1-1 | 8.00 | 68.00 | 76.00 | NOTE | |
r-oldrel-macos-arm64 | 0.1-1 | 22.00 | OK | |||
r-oldrel-macos-x86_64 | 0.1-1 | 34.00 | OK | |||
r-oldrel-windows-x86_64 | 0.1-1 | 9.00 | 72.00 | 81.00 | OK |
Version: 0.1-1
Check: Rd files
Result: NOTE
checkRd: (-1) ecoperators-methods.Rd:50: Lost braces in \itemize; meant \describe ?
checkRd: (-1) ecoperators-methods.Rd:51: Lost braces in \itemize; meant \describe ?
checkRd: (-1) ecoperators-methods.Rd:52: Lost braces in \itemize; meant \describe ?
checkRd: (-1) ecoperators-methods.Rd:53: Lost braces in \itemize; meant \describe ?
checkRd: (-1) ecoperators-methods.Rd:54: Lost braces in \itemize; meant \describe ?
Flavors: r-devel-linux-x86_64-debian-clang, r-devel-linux-x86_64-debian-gcc, r-devel-linux-x86_64-fedora-clang, r-devel-linux-x86_64-fedora-gcc, r-devel-windows-x86_64, r-patched-linux-x86_64, r-release-linux-x86_64, r-release-macos-arm64, r-release-macos-x86_64, r-release-windows-x86_64
Version: 0.1-1
Check: HTML version of manual
Result: NOTE
Found the following HTML validation problems:
getblock.html:58:1 (getblock.Rd:23): Warning: trimming empty <h3>
getrawtransaction.html:57:1 (getrawtransaction.Rd:22): Warning: trimming empty <h3>
Flavors: r-devel-linux-x86_64-debian-clang, r-devel-linux-x86_64-debian-gcc, r-devel-linux-x86_64-fedora-clang, r-devel-linux-x86_64-fedora-gcc, r-devel-windows-x86_64, r-patched-linux-x86_64, r-release-linux-x86_64, r-release-windows-x86_64