Last updated on 2024-08-18 04:48:20 CEST.
Flavor | Version | Tinstall | Tcheck | Ttotal | Status | Flags |
---|---|---|---|---|---|---|
r-devel-linux-x86_64-debian-clang | 1.1-3 | 9.93 | 70.88 | 80.81 | NOTE | |
r-devel-linux-x86_64-debian-gcc | 1.1-3 | 7.48 | 50.31 | 57.79 | NOTE | |
r-devel-linux-x86_64-fedora-clang | 1.1-3 | 127.98 | NOTE | |||
r-devel-linux-x86_64-fedora-gcc | 1.1-3 | 136.10 | NOTE | |||
r-devel-windows-x86_64 | 1.1-3 | 15.00 | 88.00 | 103.00 | NOTE | |
r-patched-linux-x86_64 | 1.1-3 | 11.29 | 66.66 | 77.95 | NOTE | |
r-release-linux-x86_64 | 1.1-3 | 9.77 | 66.20 | 75.97 | NOTE | |
r-release-macos-arm64 | 1.1-3 | 43.00 | NOTE | |||
r-release-macos-x86_64 | 1.1-3 | 63.00 | NOTE | |||
r-release-windows-x86_64 | 1.1-3 | 16.00 | 89.00 | 105.00 | NOTE | |
r-oldrel-macos-arm64 | 1.1-3 | 45.00 | OK | |||
r-oldrel-macos-x86_64 | 1.1-3 | 107.00 | OK | |||
r-oldrel-windows-x86_64 | 1.1-3 | 18.00 | 103.00 | 121.00 | OK |
Version: 1.1-3
Check: Rd files
Result: NOTE
checkRd: (-1) outcomeProbs.Rd:18: Lost braces
18 | \item{scale}{either "prob" where probabilities are returned, the default, or "raw" where the probabilities are returned on the logit or probit scale, depending on which scale was selected in the texttt{randomLCA} function}
| ^
Flavors: r-devel-linux-x86_64-debian-clang, r-devel-linux-x86_64-debian-gcc, r-devel-linux-x86_64-fedora-clang, r-devel-linux-x86_64-fedora-gcc, r-devel-windows-x86_64, r-patched-linux-x86_64, r-release-linux-x86_64, r-release-macos-arm64, r-release-macos-x86_64, r-release-windows-x86_64