Last updated on 2024-08-17 05:49:31 CEST.
Flavor | Version | Tinstall | Tcheck | Ttotal | Status | Flags |
---|---|---|---|---|---|---|
r-devel-linux-x86_64-debian-clang | 0.3.15 | 11.85 | 174.40 | 186.25 | OK | |
r-devel-linux-x86_64-debian-gcc | 0.3.15 | 9.02 | 113.86 | 122.88 | OK | |
r-devel-linux-x86_64-fedora-clang | 0.3.15 | 304.70 | NOTE | |||
r-devel-linux-x86_64-fedora-gcc | 0.3.15 | 303.47 | OK | |||
r-devel-windows-x86_64 | 0.3.15 | 15.00 | 174.00 | 189.00 | NOTE | |
r-patched-linux-x86_64 | 0.3.15 | 14.01 | 168.62 | 182.63 | OK | |
r-release-linux-x86_64 | 0.3.15 | 12.41 | 168.25 | 180.66 | OK | |
r-release-macos-arm64 | 0.3.15 | 84.00 | NOTE | |||
r-release-macos-x86_64 | 0.3.15 | 145.00 | NOTE | |||
r-release-windows-x86_64 | 0.3.15 | 18.00 | 173.00 | 191.00 | NOTE | |
r-oldrel-macos-arm64 | 0.3.15 | 86.00 | NOTE | |||
r-oldrel-macos-x86_64 | 0.3.15 | 177.00 | NOTE | |||
r-oldrel-windows-x86_64 | 0.3.15 | 20.00 | 213.00 | 233.00 | NOTE |
Version: 0.3.15
Check: installed package size
Result: NOTE
installed size is 5.2Mb
sub-directories of 1Mb or more:
data 4.6Mb
Flavors: r-devel-linux-x86_64-fedora-clang, r-devel-windows-x86_64, r-release-macos-arm64, r-release-macos-x86_64, r-release-windows-x86_64, r-oldrel-macos-arm64, r-oldrel-macos-x86_64, r-oldrel-windows-x86_64