Last updated on 2025-02-10 03:49:30 CET.
Flavor | Version | Tinstall | Tcheck | Ttotal | Status | Flags |
---|---|---|---|---|---|---|
r-devel-linux-x86_64-debian-clang | 0.2 | 5.25 | 106.33 | 111.58 | OK | |
r-devel-linux-x86_64-debian-gcc | 0.2 | 4.65 | 81.38 | 86.03 | OK | |
r-devel-linux-x86_64-fedora-clang | 0.2 | 180.65 | NOTE | |||
r-devel-linux-x86_64-fedora-gcc | 0.2 | 185.06 | NOTE | |||
r-devel-windows-x86_64 | 0.2 | 11.00 | 102.00 | 113.00 | OK | |
r-patched-linux-x86_64 | 0.2 | 4.60 | 99.39 | 103.99 | OK | |
r-release-linux-x86_64 | 0.2 | 5.03 | 100.73 | 105.76 | OK | |
r-release-macos-arm64 | 0.2 | 48.00 | OK | |||
r-release-macos-x86_64 | 0.2 | 64.00 | OK | |||
r-release-windows-x86_64 | 0.2 | 11.00 | 104.00 | 115.00 | OK | |
r-oldrel-macos-arm64 | 0.2 | 63.00 | OK | |||
r-oldrel-macos-x86_64 | 0.2 | 88.00 | OK | |||
r-oldrel-windows-x86_64 | 0.2 | 12.00 | 126.00 | 138.00 | OK |
Version: 0.2
Check: dependencies in R code
Result: NOTE
Namespaces in Imports field not imported from:
‘lifecycle’ ‘mathjaxr’
All declared Imports should be used.
Flavors: r-devel-linux-x86_64-fedora-clang, r-devel-linux-x86_64-fedora-gcc