Last updated on 2025-02-04 05:50:30 CET.
Flavor | Version | Tinstall | Tcheck | Ttotal | Status | Flags |
---|---|---|---|---|---|---|
r-devel-linux-x86_64-debian-clang | 0.1.2 | 5.76 | 51.41 | 57.17 | OK | |
r-devel-linux-x86_64-debian-gcc | 0.1.2 | 5.13 | 38.86 | 43.99 | OK | |
r-devel-linux-x86_64-fedora-clang | 0.1.2 | 91.07 | OK | |||
r-devel-linux-x86_64-fedora-gcc | 0.1.2 | 84.54 | OK | |||
r-devel-windows-x86_64 | 0.1.2 | 6.00 | 74.00 | 80.00 | OK | |
r-patched-linux-x86_64 | 0.1.2 | 6.01 | 47.93 | 53.94 | NOTE | |
r-release-linux-x86_64 | 0.1.2 | 5.58 | 48.11 | 53.69 | NOTE | |
r-release-macos-arm64 | 0.1.2 | 29.00 | NOTE | |||
r-release-macos-x86_64 | 0.1.2 | 45.00 | NOTE | |||
r-release-windows-x86_64 | 0.1.2 | 7.00 | 71.00 | 78.00 | NOTE | |
r-oldrel-macos-arm64 | 0.1.2 | 32.00 | NOTE | |||
r-oldrel-macos-x86_64 | 0.1.2 | 50.00 | NOTE | |||
r-oldrel-windows-x86_64 | 0.1.2 | 6.00 | 82.00 | 88.00 | NOTE |
Version: 0.1.2
Check: LazyData
Result: NOTE
'LazyData' is specified without a 'data' directory
Flavors: r-patched-linux-x86_64, r-release-linux-x86_64, r-release-macos-arm64, r-release-macos-x86_64, r-release-windows-x86_64, r-oldrel-macos-arm64, r-oldrel-macos-x86_64, r-oldrel-windows-x86_64