Last updated on 2024-08-18 04:48:20 CEST.
Flavor | Version | Tinstall | Tcheck | Ttotal | Status | Flags |
---|---|---|---|---|---|---|
r-devel-linux-x86_64-debian-clang | 0.1.6 | 28.28 | 27.16 | 55.44 | OK | |
r-devel-linux-x86_64-debian-gcc | 0.1.6 | 24.53 | 20.77 | 45.30 | OK | |
r-devel-linux-x86_64-fedora-clang | 0.1.6 | 90.95 | NOTE | |||
r-devel-linux-x86_64-fedora-gcc | 0.1.6 | 125.05 | OK | |||
r-devel-windows-x86_64 | 0.1.6 | 34.00 | 58.00 | 92.00 | OK | |
r-patched-linux-x86_64 | 0.1.6 | 38.52 | 26.07 | 64.59 | OK | |
r-release-linux-x86_64 | 0.1.6 | 39.72 | 25.96 | 65.68 | OK | |
r-release-macos-arm64 | 0.1.6 | 39.00 | OK | |||
r-release-macos-x86_64 | 0.1.6 | 73.00 | OK | |||
r-release-windows-x86_64 | 0.1.6 | 33.00 | 64.00 | 97.00 | OK | |
r-oldrel-macos-arm64 | 0.1.6 | 44.00 | OK | |||
r-oldrel-macos-x86_64 | 0.1.6 | 122.00 | OK | |||
r-oldrel-windows-x86_64 | 0.1.6 | 28.00 | 63.00 | 91.00 | OK |
Version: 0.1.6
Check: installed package size
Result: NOTE
installed size is 5.4Mb
sub-directories of 1Mb or more:
libs 4.6Mb
Flavor: r-devel-linux-x86_64-fedora-clang