Last updated on 2024-08-17 05:49:31 CEST.
Flavor | Version | Tinstall | Tcheck | Ttotal | Status | Flags |
---|---|---|---|---|---|---|
r-devel-linux-x86_64-debian-clang | 0.6.0 | 2.91 | 28.18 | 31.09 | OK | |
r-devel-linux-x86_64-debian-gcc | 0.6.0 | 2.09 | 21.78 | 23.87 | OK | |
r-devel-linux-x86_64-fedora-clang | 0.6.0 | 48.72 | NOTE | |||
r-devel-linux-x86_64-fedora-gcc | 0.6.0 | 46.80 | NOTE | |||
r-devel-windows-x86_64 | 0.6.0 | 6.00 | 54.00 | 60.00 | OK | |
r-patched-linux-x86_64 | 0.6.0 | 3.03 | 27.06 | 30.09 | OK | |
r-release-linux-x86_64 | 0.6.0 | 2.33 | 27.14 | 29.47 | OK | |
r-release-macos-arm64 | 0.6.0 | 20.00 | OK | |||
r-release-macos-x86_64 | 0.6.0 | 49.00 | OK | |||
r-release-windows-x86_64 | 0.6.0 | 6.00 | 52.00 | 58.00 | OK | |
r-oldrel-macos-arm64 | 0.6.0 | 29.00 | OK | |||
r-oldrel-macos-x86_64 | 0.6.0 | 49.00 | OK | |||
r-oldrel-windows-x86_64 | 0.6.0 | 7.00 | 58.00 | 65.00 | OK |
Version: 0.6.0
Check: data for non-ASCII characters
Result: NOTE
Note: found 7 marked UTF-8 strings
Flavors: r-devel-linux-x86_64-fedora-clang, r-devel-linux-x86_64-fedora-gcc