Last updated on 2025-02-04 05:50:28 CET.
Flavor | Version | Tinstall | Tcheck | Ttotal | Status | Flags |
---|---|---|---|---|---|---|
r-devel-linux-x86_64-debian-clang | 2.8 | 7.48 | 22.37 | 29.85 | OK | |
r-devel-linux-x86_64-debian-gcc | 2.8 | 5.62 | 18.47 | 24.09 | OK | |
r-devel-linux-x86_64-fedora-clang | 2.8 | 53.44 | NOTE | |||
r-devel-linux-x86_64-fedora-gcc | 2.8 | 49.11 | NOTE | |||
r-devel-windows-x86_64 | 2.8 | 13.00 | 50.00 | 63.00 | OK | |
r-patched-linux-x86_64 | 2.8 | 7.46 | 21.64 | 29.10 | OK | |
r-release-linux-x86_64 | 2.8 | 6.20 | 21.48 | 27.68 | OK | |
r-release-macos-arm64 | 2.8 | 22.00 | OK | |||
r-release-macos-x86_64 | 2.8 | 33.00 | OK | |||
r-release-windows-x86_64 | 2.8 | 13.00 | 52.00 | 65.00 | OK | |
r-oldrel-macos-arm64 | 2.8 | 23.00 | OK | |||
r-oldrel-macos-x86_64 | 2.8 | 33.00 | OK | |||
r-oldrel-windows-x86_64 | 2.8 | 12.00 | 69.00 | 81.00 | OK |
Version: 2.8
Check: compiled code
Result: NOTE
File ‘ptinpoly/libs/ptinpoly.so’:
Found no calls to: ‘R_registerRoutines’, ‘R_useDynamicSymbols’
It is good practice to register native routines and to disable symbol
search.
See ‘Writing portable packages’ in the ‘Writing R Extensions’ manual.
Flavors: r-devel-linux-x86_64-fedora-clang, r-devel-linux-x86_64-fedora-gcc