Last updated on 2025-02-10 03:49:27 CET.
Flavor | Version | Tinstall | Tcheck | Ttotal | Status | Flags |
---|---|---|---|---|---|---|
r-devel-linux-x86_64-debian-clang | 1.0.3 | 5.32 | 45.62 | 50.94 | NOTE | |
r-devel-linux-x86_64-debian-gcc | 1.0.3 | 3.74 | 34.74 | 38.48 | NOTE | |
r-devel-linux-x86_64-fedora-clang | 1.0.3 | 82.42 | NOTE | |||
r-devel-linux-x86_64-fedora-gcc | 1.0.3 | 87.05 | NOTE | |||
r-devel-windows-x86_64 | 1.0.3 | 6.00 | 61.00 | 67.00 | NOTE | |
r-patched-linux-x86_64 | 1.0.3 | 4.77 | 41.34 | 46.11 | OK | |
r-release-linux-x86_64 | 1.0.3 | 4.81 | 41.15 | 45.96 | OK | |
r-release-macos-arm64 | 1.0.3 | 34.00 | OK | |||
r-release-macos-x86_64 | 1.0.3 | 47.00 | OK | |||
r-release-windows-x86_64 | 1.0.3 | 7.00 | 63.00 | 70.00 | OK | |
r-oldrel-macos-arm64 | 1.0.3 | 38.00 | OK | |||
r-oldrel-macos-x86_64 | 1.0.3 | 64.00 | OK | |||
r-oldrel-windows-x86_64 | 1.0.3 | 9.00 | 71.00 | 80.00 | OK |
Version: 1.0.3
Check: DESCRIPTION meta-information
Result: NOTE
Missing dependency on R >= 4.1.0 because package code uses the pipe
|> or function shorthand \(...) syntax added in R 4.1.0.
File(s) using such syntax:
‘psid_read.R’ ‘psid_reshape.R’ ‘psid_str.R’
Flavors: r-devel-linux-x86_64-debian-clang, r-devel-linux-x86_64-debian-gcc, r-devel-linux-x86_64-fedora-clang, r-devel-linux-x86_64-fedora-gcc, r-devel-windows-x86_64