Last updated on 2024-08-17 05:49:31 CEST.
Flavor | Version | Tinstall | Tcheck | Ttotal | Status | Flags |
---|---|---|---|---|---|---|
r-devel-linux-x86_64-debian-clang | 1.0 | 129.50 | 263.88 | 393.38 | NOTE | |
r-devel-linux-x86_64-debian-gcc | 1.0 | 112.28 | 192.13 | 304.41 | NOTE | |
r-devel-linux-x86_64-fedora-clang | 1.0 | 624.46 | NOTE | |||
r-devel-linux-x86_64-fedora-gcc | 1.0 | 765.46 | NOTE | |||
r-devel-windows-x86_64 | 1.0 | 132.00 | 247.00 | 379.00 | NOTE | |
r-patched-linux-x86_64 | 1.0 | 143.91 | 270.99 | 414.90 | NOTE | |
r-release-linux-x86_64 | 1.0 | 161.86 | 266.02 | 427.88 | NOTE | |
r-release-macos-arm64 | 1.0 | 160.00 | NOTE | |||
r-release-macos-x86_64 | 1.0 | 279.00 | NOTE | |||
r-release-windows-x86_64 | 1.0 | 142.00 | 237.00 | 379.00 | NOTE | |
r-oldrel-macos-arm64 | 1.0 | 219.00 | NOTE | |||
r-oldrel-macos-x86_64 | 1.0 | 361.00 | NOTE | |||
r-oldrel-windows-x86_64 | 1.0 | 185.00 | 307.00 | 492.00 | NOTE |
Version: 1.0
Check: for GNU extensions in Makefiles
Result: NOTE
GNU make is a SystemRequirements.
Flavors: r-devel-linux-x86_64-debian-clang, r-devel-linux-x86_64-debian-gcc, r-devel-linux-x86_64-fedora-clang, r-devel-linux-x86_64-fedora-gcc, r-devel-windows-x86_64, r-patched-linux-x86_64, r-release-linux-x86_64, r-release-macos-arm64, r-release-macos-x86_64, r-release-windows-x86_64, r-oldrel-macos-arm64, r-oldrel-macos-x86_64, r-oldrel-windows-x86_64
Version: 1.0
Check: dependencies in R code
Result: NOTE
Namespaces in Imports field not imported from:
‘StanHeaders’ ‘methods’ ‘rstantools’
All declared Imports should be used.
Flavors: r-devel-linux-x86_64-fedora-clang, r-devel-linux-x86_64-fedora-gcc
Version: 1.0
Check: installed package size
Result: NOTE
installed size is 49.4Mb
sub-directories of 1Mb or more:
libs 48.7Mb
Flavors: r-release-macos-arm64, r-release-macos-x86_64, r-oldrel-macos-arm64, r-oldrel-macos-x86_64