CRAN Package Check Results for Package profoc

Last updated on 2025-02-10 03:49:27 CET.

Flavor Version Tinstall Tcheck Ttotal Status Flags
r-devel-linux-x86_64-debian-clang 1.3.3 142.42 212.30 354.72 ERROR
r-devel-linux-x86_64-debian-gcc 1.3.3 110.15 226.18 336.33 OK
r-devel-linux-x86_64-fedora-clang 1.3.3 634.00 OK
r-devel-linux-x86_64-fedora-gcc 1.3.3 734.12 OK
r-devel-windows-x86_64 1.3.3 150.00 196.00 346.00 OK
r-patched-linux-x86_64 1.3.3 154.50 342.99 497.49 OK
r-release-linux-x86_64 1.3.3 155.95 359.69 515.64 OK
r-release-macos-arm64 1.3.3 142.00 NOTE
r-release-macos-x86_64 1.3.3 216.00 NOTE
r-release-windows-x86_64 1.3.3 152.00 202.00 354.00 OK
r-oldrel-macos-arm64 1.3.3 147.00 NOTE
r-oldrel-macos-x86_64 1.3.3 206.00 NOTE
r-oldrel-windows-x86_64 1.3.3 176.00 250.00 426.00 OK

Check Details

Version: 1.3.3
Check: tests
Result: ERROR Running ‘testthat.R’ [93s/67s] Running the tests in ‘tests/testthat.R’ failed. Complete output: > Sys.setenv("OMP_THREAD_LIMIT" = 2) > > library(testthat) > library(profoc) > > > test_check("profoc") OMP: Warning #96: Cannot form a team with 3 threads, using 2 instead. OMP: Hint Consider unsetting KMP_DEVICE_THREAD_LIMIT (KMP_ALL_THREADS), KMP_TEAMS_THREAD_LIMIT, and OMP_THREAD_LIMIT (if any are set). [ FAIL 1 | WARN 0 | SKIP 1 | PASS 159 ] ══ Skipped tests (1) ═══════════════════════════════════════════════════════════ • debug_mode is not TRUE (1): 'test-zzz_debug.R:6:5' ══ Failed tests ════════════════════════════════════════════════════════════════ ── Error ('test-save_predictions_grid.R:88:1'): (code run outside of `test_that()`) ── <std::logic_error/C++Error/error/condition> Error: sort(): detected NaN Backtrace: ▆ 1. └─profoc::online(...) at test-save_predictions_grid.R:88:1 2. └─model_instance$learn() [ FAIL 1 | WARN 0 | SKIP 1 | PASS 159 ] Error: Test failures In addition: Warning messages: 1: In .Internal(gc(verbose, reset, full)) : Timer "core" not stopped yet. Use toc("core") to stop the timer. 2: In .Internal(gc(verbose, reset, full)) : Timer "loss" not stopped yet. Use toc("loss") to stop the timer. 3: In .Internal(gc(verbose, reset, full)) : Timer "init update" not stopped yet. Use toc("init update") to stop the timer. Execution halted Flavor: r-devel-linux-x86_64-debian-clang

Version: 1.3.3
Check: installed package size
Result: NOTE installed size is 15.3Mb sub-directories of 1Mb or more: doc 1.4Mb libs 13.2Mb Flavors: r-release-macos-arm64, r-release-macos-x86_64, r-oldrel-macos-arm64, r-oldrel-macos-x86_64