Last updated on 2025-02-04 05:50:27 CET.
Flavor | Version | Tinstall | Tcheck | Ttotal | Status | Flags |
---|---|---|---|---|---|---|
r-devel-linux-x86_64-debian-clang | 1.6.0 | 36.51 | 26.22 | 62.73 | NOTE | |
r-devel-linux-x86_64-debian-gcc | 1.6.0 | 23.29 | 20.95 | 44.24 | NOTE | |
r-devel-linux-x86_64-fedora-clang | 1.6.0 | 127.25 | NOTE | |||
r-devel-linux-x86_64-fedora-gcc | 1.6.0 | 116.72 | NOTE | |||
r-devel-windows-x86_64 | 1.6.0 | 37.00 | 97.00 | 134.00 | NOTE | |
r-patched-linux-x86_64 | 1.6.0 | 34.86 | 25.19 | 60.05 | OK | |
r-release-linux-x86_64 | 1.6.0 | 34.01 | 25.58 | 59.59 | OK | |
r-release-macos-arm64 | 1.6.0 | 36.00 | OK | |||
r-release-macos-x86_64 | 1.6.0 | 40.00 | OK | |||
r-release-windows-x86_64 | 1.6.0 | 38.00 | 74.00 | 112.00 | OK | |
r-oldrel-macos-arm64 | 1.6.0 | 42.00 | OK | |||
r-oldrel-macos-x86_64 | 1.6.0 | 42.00 | OK | |||
r-oldrel-windows-x86_64 | 1.6.0 | 37.00 | 83.00 | 120.00 | OK |
Version: 1.6.0
Check: DESCRIPTION meta-information
Result: NOTE
Missing dependency on R >= 4.1.0 because package code uses the pipe
|> or function shorthand \(...) syntax added in R 4.1.0.
File(s) using such syntax:
‘phi.R’
Flavors: r-devel-linux-x86_64-debian-clang, r-devel-linux-x86_64-debian-gcc, r-devel-linux-x86_64-fedora-clang, r-devel-linux-x86_64-fedora-gcc, r-devel-windows-x86_64