Last updated on 2024-08-18 04:48:19 CEST.
Flavor | Version | Tinstall | Tcheck | Ttotal | Status | Flags |
---|---|---|---|---|---|---|
r-devel-linux-x86_64-debian-clang | 1.6.0 | 10.99 | 132.70 | 143.69 | OK | |
r-devel-linux-x86_64-debian-gcc | 1.6.0 | 8.12 | 88.72 | 96.84 | OK | |
r-devel-linux-x86_64-fedora-clang | 1.6.0 | 233.30 | OK | |||
r-devel-linux-x86_64-fedora-gcc | 1.6.0 | 235.80 | OK | |||
r-devel-windows-x86_64 | 1.6.0 | 12.00 | 175.00 | 187.00 | OK | |
r-patched-linux-x86_64 | 1.6.0 | 13.91 | 125.92 | 139.83 | OK | |
r-release-linux-x86_64 | 1.6.0 | 10.40 | 125.36 | 135.76 | OK | |
r-release-macos-arm64 | 1.6.0 | 78.00 | OK | |||
r-release-macos-x86_64 | 1.6.0 | 197.00 | OK | |||
r-release-windows-x86_64 | 1.6.0 | 15.00 | 174.00 | 189.00 | OK | |
r-oldrel-macos-arm64 | 1.6.0 | 82.00 | ERROR | |||
r-oldrel-macos-x86_64 | 1.6.0 | 164.00 | ERROR | |||
r-oldrel-windows-x86_64 | 1.6.0 | 19.00 | 215.00 | 234.00 | OK |
Version: 1.6.0
Check: running R code from vignettes
Result: ERROR
Errors in running code in vignettes:
when running code in ‘rvar.Rmd’
...
> y
rvar<4000>[3] mean ± sd:
[1] 3.00 ± 1.00 2.02 ± 0.99 0.96 ± 0.99
> X + y
When sourcing ‘rvar.R’:
Error: Cannot broadcast array of shape [4000,3,1] to array of shape [4000,4,3]:
All dimensions must be 1 or equal.
Execution halted
‘pareto_diagnostics.Rmd’ using ‘UTF-8’... [1s/1s] OK
‘posterior.Rmd’ using ‘UTF-8’... [1s/1s] OK
‘rvar.Rmd’ using ‘UTF-8’... failed
Flavor: r-oldrel-macos-arm64
Version: 1.6.0
Check: running R code from vignettes
Result: ERROR
Errors in running code in vignettes:
when running code in ‘rvar.Rmd’
...
> y
rvar<4000>[3] mean ± sd:
[1] 3.00 ± 1.00 2.02 ± 0.99 0.96 ± 0.99
> X + y
When sourcing ‘rvar.R’:
Error: Cannot broadcast array of shape [4000,3,1] to array of shape [4000,4,3]:
All dimensions must be 1 or equal.
Execution halted
‘pareto_diagnostics.Rmd’ using ‘UTF-8’... [2s/3s] OK
‘posterior.Rmd’ using ‘UTF-8’... [1s/2s] OK
‘rvar.Rmd’ using ‘UTF-8’... failed
Flavor: r-oldrel-macos-x86_64