Last updated on 2025-02-04 05:50:27 CET.
Flavor | Version | Tinstall | Tcheck | Ttotal | Status | Flags |
---|---|---|---|---|---|---|
r-devel-linux-x86_64-debian-clang | 0.4.12 | 19.32 | 256.78 | 276.10 | NOTE | |
r-devel-linux-x86_64-debian-gcc | 0.4.13 | 13.04 | 179.66 | 192.70 | OK | |
r-devel-linux-x86_64-fedora-clang | 0.4.13 | 453.38 | OK | |||
r-devel-linux-x86_64-fedora-gcc | 0.4.13 | 434.19 | OK | |||
r-devel-windows-x86_64 | 0.4.13 | 21.00 | 261.00 | 282.00 | OK | |
r-patched-linux-x86_64 | 0.4.12 | 24.22 | 365.20 | 389.42 | OK | |
r-release-linux-x86_64 | 0.4.13 | 17.20 | 362.60 | 379.80 | OK | |
r-release-macos-arm64 | 0.4.13 | 144.00 | OK | |||
r-release-macos-x86_64 | 0.4.13 | 302.00 | OK | |||
r-release-windows-x86_64 | 0.4.13 | 20.00 | 241.00 | 261.00 | OK | |
r-oldrel-macos-arm64 | 0.4.12 | 125.00 | OK | |||
r-oldrel-macos-x86_64 | 0.4.12 | 373.00 | OK | |||
r-oldrel-windows-x86_64 | 0.4.13 | 25.00 | 261.00 | 286.00 | OK |
Version: 0.4.12
Check: Rd cross-references
Result: NOTE
Found the following Rd file(s) with Rd \link{} targets missing package
anchors:
ltable.Rd: data.table, melt
prepExpo.Rd: data.table
sir_exp.Rd: Lexis
Please provide package anchors for all Rd \link{} targets not in the
package itself and the base packages.
Flavor: r-devel-linux-x86_64-debian-clang