Last updated on 2024-08-18 04:48:19 CEST.
Flavor | Version | Tinstall | Tcheck | Ttotal | Status | Flags |
---|---|---|---|---|---|---|
r-devel-linux-x86_64-debian-clang | 1.1.2 | 16.21 | 124.36 | 140.57 | NOTE | |
r-devel-linux-x86_64-debian-gcc | 1.1.2 | 10.49 | 85.30 | 95.79 | NOTE | |
r-devel-linux-x86_64-fedora-clang | 1.1.2 | 226.29 | OK | |||
r-devel-linux-x86_64-fedora-gcc | 1.1.2 | 211.21 | OK | |||
r-devel-windows-x86_64 | 1.1.2 | 18.00 | 129.00 | 147.00 | NOTE | |
r-patched-linux-x86_64 | 1.1.2 | 25.13 | 118.70 | 143.83 | OK | |
r-release-linux-x86_64 | 1.1.2 | 16.41 | 118.13 | 134.54 | OK | |
r-release-macos-arm64 | 1.1.2 | 60.00 | OK | |||
r-release-macos-x86_64 | 1.1.2 | 88.00 | OK | |||
r-release-windows-x86_64 | 1.1.2 | 18.00 | 131.00 | 149.00 | OK | |
r-oldrel-macos-arm64 | 1.1.2 | 61.00 | OK | |||
r-oldrel-macos-x86_64 | 1.1.2 | 106.00 | OK | |||
r-oldrel-windows-x86_64 | 1.1.2 | 23.00 | 155.00 | 178.00 | OK |
Version: 1.1.2
Check: Rd cross-references
Result: NOTE
Found the following Rd file(s) with Rd \link{} targets missing package
anchors:
p_dfa_xerrors2.Rd: hcubature
Please provide package anchors for all Rd \link{} targets not in the
package itself and the base packages.
Flavors: r-devel-linux-x86_64-debian-clang, r-devel-linux-x86_64-debian-gcc, r-devel-windows-x86_64