CRAN Package Check Results for Package polyCub

Last updated on 2025-02-10 03:49:27 CET.

Flavor Version Tinstall Tcheck Ttotal Status Flags
r-devel-linux-x86_64-debian-clang 0.9.1 4.23 50.02 54.25 NOTE
r-devel-linux-x86_64-debian-gcc 0.9.1 3.46 37.88 41.34 NOTE
r-devel-linux-x86_64-fedora-clang 0.9.1 88.75 OK
r-devel-linux-x86_64-fedora-gcc 0.9.1 97.07 OK
r-devel-windows-x86_64 0.9.1 8.00 80.00 88.00 NOTE
r-patched-linux-x86_64 0.9.1 5.64 47.43 53.07 OK
r-release-linux-x86_64 0.9.1 4.26 47.27 51.53 OK
r-release-macos-arm64 0.9.1 60.00 OK
r-release-macos-x86_64 0.9.1 59.00 OK
r-release-windows-x86_64 0.9.1 8.00 80.00 88.00 OK
r-oldrel-macos-arm64 0.9.1 45.00 OK
r-oldrel-macos-x86_64 0.9.1 123.00 OK
r-oldrel-windows-x86_64 0.9.1 10.00 86.00 96.00 OK

Check Details

Version: 0.9.1
Check: Rd cross-references
Result: NOTE Found the following Rd file(s) with Rd \link{} targets missing package anchors: coerce-sp-methods.Rd: SpatialPolygons-class, Polygons-class, Polygon-class plot_polyregion.Rd: SpatialPolygons-class, Polygons-class, Polygon-class plotpolyf.Rd: SpatialPolygons-class, Polygons-class, Polygon-class polyCub.Rd: SpatialPolygons-class, Polygons-class, Polygon-class polyCub.SV.Rd: SpatialPolygons-class, Polygons-class, Polygon-class polyCub.iso.Rd: SpatialPolygons-class, Polygons-class, Polygon-class polyCub.midpoint.Rd: SpatialPolygons-class xylist.Rd: Polygons-class, Polygon-class, SpatialPolygons-class Please provide package anchors for all Rd \link{} targets not in the package itself and the base packages. Flavors: r-devel-linux-x86_64-debian-clang, r-devel-linux-x86_64-debian-gcc, r-devel-windows-x86_64