Last updated on 2024-08-17 05:49:30 CEST.
Flavor | Version | Tinstall | Tcheck | Ttotal | Status | Flags |
---|---|---|---|---|---|---|
r-devel-linux-x86_64-debian-clang | 1.0.1 | 32.17 | 153.31 | 185.48 | NOTE | |
r-devel-linux-x86_64-debian-gcc | 1.0.1 | 22.26 | 110.58 | 132.84 | NOTE | |
r-devel-linux-x86_64-fedora-clang | 1.0.1 | 299.24 | NOTE | |||
r-devel-linux-x86_64-fedora-gcc | 1.0.1 | 282.92 | NOTE | |||
r-devel-windows-x86_64 | 1.0.1 | 23.00 | 137.00 | 160.00 | NOTE | |
r-patched-linux-x86_64 | 1.0.1 | 28.56 | 145.12 | 173.68 | NOTE | |
r-release-linux-x86_64 | 1.0.1 | 26.84 | 147.24 | 174.08 | NOTE | |
r-release-macos-arm64 | 1.0.1 | 70.00 | NOTE | |||
r-release-macos-x86_64 | 1.0.1 | 102.00 | NOTE | |||
r-release-windows-x86_64 | 1.0.1 | 21.00 | 137.00 | 158.00 | NOTE | |
r-oldrel-macos-arm64 | 1.0.1 | 73.00 | NOTE | |||
r-oldrel-macos-x86_64 | 1.0.1 | 124.00 | NOTE | |||
r-oldrel-windows-x86_64 | 1.0.1 | 29.00 | 169.00 | 198.00 | NOTE |
Version: 1.0.1
Check: package dependencies
Result: NOTE
Package suggested but not available for checking: ‘pollimetrydata’
Flavors: r-devel-linux-x86_64-debian-clang, r-devel-linux-x86_64-debian-gcc, r-devel-linux-x86_64-fedora-clang, r-devel-linux-x86_64-fedora-gcc, r-devel-windows-x86_64, r-patched-linux-x86_64, r-release-linux-x86_64, r-release-macos-arm64, r-release-macos-x86_64, r-release-windows-x86_64, r-oldrel-macos-arm64, r-oldrel-macos-x86_64, r-oldrel-windows-x86_64