Last updated on 2024-08-17 05:49:30 CEST.
Flavor | Version | Tinstall | Tcheck | Ttotal | Status | Flags |
---|---|---|---|---|---|---|
r-devel-linux-x86_64-debian-clang | 0.9.3 | 8.71 | 109.00 | 117.71 | NOTE | |
r-devel-linux-x86_64-debian-gcc | 0.9.3 | 7.25 | 78.19 | 85.44 | NOTE | |
r-devel-linux-x86_64-fedora-clang | 0.9.3 | 191.65 | NOTE | |||
r-devel-linux-x86_64-fedora-gcc | 0.9.3 | 201.08 | NOTE | |||
r-devel-windows-x86_64 | 0.9.3 | 11.00 | 120.00 | 131.00 | NOTE | |
r-patched-linux-x86_64 | 0.9.3 | 13.17 | 102.37 | 115.54 | OK | |
r-release-linux-x86_64 | 0.9.3 | 8.97 | 102.76 | 111.73 | OK | |
r-release-macos-arm64 | 0.9.3 | 54.00 | OK | |||
r-release-macos-x86_64 | 0.9.3 | 91.00 | OK | |||
r-release-windows-x86_64 | 0.9.3 | 11.00 | 119.00 | 130.00 | OK | |
r-oldrel-macos-arm64 | 0.9.3 | 60.00 | OK | |||
r-oldrel-macos-x86_64 | 0.9.3 | 142.00 | OK | |||
r-oldrel-windows-x86_64 | 0.9.3 | 15.00 | 144.00 | 159.00 | OK |
Version: 0.9.3
Check: Rd cross-references
Result: NOTE
Found the following Rd file(s) with Rd \link{} targets missing package
anchors:
politenessModel.Rd: spacyr
receptiveness.Rd: spacyr
Please provide package anchors for all Rd \link{} targets not in the
package itself and the base packages.
Flavors: r-devel-linux-x86_64-debian-clang, r-devel-linux-x86_64-debian-gcc, r-devel-windows-x86_64
Version: 0.9.3
Check: data for non-ASCII characters
Result: NOTE
Note: found 52 marked UTF-8 strings
Flavors: r-devel-linux-x86_64-fedora-clang, r-devel-linux-x86_64-fedora-gcc