Last updated on 2025-02-10 03:49:27 CET.
Flavor | Version | Tinstall | Tcheck | Ttotal | Status | Flags |
---|---|---|---|---|---|---|
r-devel-linux-x86_64-debian-clang | 1.2.1.14 | 4.11 | 34.57 | 38.68 | OK | |
r-devel-linux-x86_64-debian-gcc | 1.2.1.14 | 3.11 | 25.28 | 28.39 | OK | |
r-devel-linux-x86_64-fedora-clang | 1.2.1.14 | 63.01 | NOTE | |||
r-devel-linux-x86_64-fedora-gcc | 1.2.1.14 | 56.85 | NOTE | |||
r-devel-windows-x86_64 | 1.2.1.14 | 6.00 | 52.00 | 58.00 | OK | |
r-patched-linux-x86_64 | 1.2.1.14 | 3.90 | 32.57 | 36.47 | OK | |
r-release-linux-x86_64 | 1.2.1.14 | 4.33 | 32.03 | 36.36 | OK | |
r-release-macos-arm64 | 1.2.1.14 | 22.00 | OK | |||
r-release-macos-x86_64 | 1.2.1.14 | 33.00 | OK | |||
r-release-windows-x86_64 | 1.2.1.14 | 7.00 | 54.00 | 61.00 | OK | |
r-oldrel-macos-arm64 | 1.2.1.14 | 24.00 | OK | |||
r-oldrel-macos-x86_64 | 1.2.1.14 | 32.00 | OK | |||
r-oldrel-windows-x86_64 | 1.2.1.14 | 7.00 | 61.00 | 68.00 | OK |
Version: 1.2.1.14
Check: dependencies in R code
Result: NOTE
Namespaces in Imports field not imported from:
‘MASS’ ‘car’ ‘formula.tools’ ‘ggplot2’ ‘gplots’ ‘graphics’ ‘purrr’
‘rstatix’ ‘stringr’ ‘tidyverse’
All declared Imports should be used.
Flavors: r-devel-linux-x86_64-fedora-clang, r-devel-linux-x86_64-fedora-gcc