Last updated on 2024-08-18 04:48:19 CEST.
Flavor | Version | Tinstall | Tcheck | Ttotal | Status | Flags |
---|---|---|---|---|---|---|
r-devel-linux-x86_64-debian-clang | 1.4.1 | 15.10 | 119.35 | 134.45 | NOTE | |
r-devel-linux-x86_64-debian-gcc | 1.4.1 | 11.57 | 83.10 | 94.67 | NOTE | |
r-devel-linux-x86_64-fedora-clang | 1.4.1 | 224.33 | OK | |||
r-devel-linux-x86_64-fedora-gcc | 1.4.1 | 225.81 | OK | |||
r-devel-windows-x86_64 | 1.4.1 | 15.00 | 170.00 | 185.00 | NOTE | |
r-patched-linux-x86_64 | 1.4.1 | 18.07 | 115.12 | 133.19 | OK | |
r-release-linux-x86_64 | 1.4.1 | 15.07 | 115.64 | 130.71 | OK | |
r-release-macos-arm64 | 1.4.1 | 99.00 | OK | |||
r-release-macos-x86_64 | 1.4.1 | 116.00 | OK | |||
r-release-windows-x86_64 | 1.4.1 | 15.00 | 172.00 | 187.00 | OK | |
r-oldrel-macos-arm64 | 1.4.1 | 94.00 | OK | |||
r-oldrel-macos-x86_64 | 1.4.1 | 254.00 | OK | |||
r-oldrel-windows-x86_64 | 1.4.1 | 16.00 | 172.00 | 188.00 | OK |
Version: 1.4.1
Check: Rd cross-references
Result: NOTE
Found the following Rd file(s) with Rd \link{} targets missing package
anchors:
slice3D.Rd: computeContour3d
Please provide package anchors for all Rd \link{} targets not in the
package itself and the base packages.
Flavors: r-devel-linux-x86_64-debian-clang, r-devel-linux-x86_64-debian-gcc, r-devel-windows-x86_64