Last updated on 2024-08-17 05:49:30 CEST.
Flavor | Version | Tinstall | Tcheck | Ttotal | Status | Flags |
---|---|---|---|---|---|---|
r-devel-linux-x86_64-debian-clang | 0.9.4 | 6.56 | 87.60 | 94.16 | NOTE | |
r-devel-linux-x86_64-debian-gcc | 0.9.4 | 4.99 | 59.09 | 64.08 | NOTE | |
r-devel-linux-x86_64-fedora-clang | 0.9.4 | 150.04 | NOTE | |||
r-devel-linux-x86_64-fedora-gcc | 0.9.4 | 155.34 | NOTE | |||
r-devel-windows-x86_64 | 0.9.4 | 8.00 | 107.00 | 115.00 | NOTE | |
r-patched-linux-x86_64 | 0.9.4 | 8.99 | 81.76 | 90.75 | NOTE | |
r-release-linux-x86_64 | 0.9.4 | 6.46 | 82.83 | 89.29 | NOTE | |
r-release-macos-arm64 | 0.9.4 | 45.00 | NOTE | |||
r-release-macos-x86_64 | 0.9.4 | 76.00 | NOTE | |||
r-release-windows-x86_64 | 0.9.4 | 7.00 | 107.00 | 114.00 | NOTE | |
r-oldrel-macos-arm64 | 0.9.4 | 50.00 | OK | |||
r-oldrel-macos-x86_64 | 0.9.4 | 117.00 | OK | |||
r-oldrel-windows-x86_64 | 0.9.4 | 10.00 | 122.00 | 132.00 | OK |
Version: 0.9.4
Check: Rd files
Result: NOTE
checkRd: (-1) sprinkle_colnames.Rd:26-28: Lost braces in \itemize; meant \describe ?
checkRd: (-1) sprinkle_colnames.Rd:29-31: Lost braces in \itemize; meant \describe ?
checkRd: (-1) tidy_levels_labels.Rd:62: Lost braces in \itemize; meant \describe ?
checkRd: (-1) tidy_levels_labels.Rd:63-68: Lost braces in \itemize; meant \describe ?
checkRd: (-1) tidy_levels_labels.Rd:69-73: Lost braces in \itemize; meant \describe ?
checkRd: (-1) tidy_levels_labels.Rd:74-77: Lost braces in \itemize; meant \describe ?
checkRd: (-1) tidy_levels_labels.Rd:78-83: Lost braces in \itemize; meant \describe ?
Flavors: r-devel-linux-x86_64-debian-clang, r-devel-linux-x86_64-debian-gcc, r-devel-linux-x86_64-fedora-clang, r-devel-linux-x86_64-fedora-gcc, r-devel-windows-x86_64, r-patched-linux-x86_64, r-release-linux-x86_64, r-release-macos-arm64, r-release-macos-x86_64, r-release-windows-x86_64
Version: 0.9.4
Check: Rd cross-references
Result: NOTE
Undeclared package ‘Hmisc’ in Rd xrefs
Flavor: r-devel-linux-x86_64-fedora-clang