Last updated on 2024-08-18 04:48:19 CEST.
Flavor | Version | Tinstall | Tcheck | Ttotal | Status | Flags |
---|---|---|---|---|---|---|
r-devel-linux-x86_64-debian-clang | 2.0.2 | 4.72 | 54.42 | 59.14 | NOTE | |
r-devel-linux-x86_64-debian-gcc | 2.0.2 | 3.82 | 40.68 | 44.50 | NOTE | |
r-devel-linux-x86_64-fedora-clang | 2.0.2 | 96.28 | OK | |||
r-devel-linux-x86_64-fedora-gcc | 2.0.2 | 106.36 | OK | |||
r-devel-windows-x86_64 | 2.0.2 | 6.00 | 107.00 | 113.00 | NOTE | |
r-patched-linux-x86_64 | 2.0.2 | 6.41 | 52.09 | 58.50 | OK | |
r-release-linux-x86_64 | 2.0.2 | 5.13 | 52.03 | 57.16 | OK | |
r-release-macos-arm64 | 2.0.2 | 39.00 | OK | |||
r-release-macos-x86_64 | 2.0.2 | 65.00 | OK | |||
r-release-windows-x86_64 | 2.0.2 | 8.00 | 108.00 | 116.00 | OK | |
r-oldrel-macos-arm64 | 2.0.2 | 43.00 | OK | |||
r-oldrel-macos-x86_64 | 2.0.2 | 66.00 | OK | |||
r-oldrel-windows-x86_64 | 2.0.2 | 6.00 | 108.00 | 114.00 | OK |
Version: 2.0.2
Check: Rd cross-references
Result: NOTE
Found the following Rd file(s) with Rd \link{} targets missing package
anchors:
estimators.Rd: nleqslv, BBsolve
Please provide package anchors for all Rd \link{} targets not in the
package itself and the base packages.
Flavors: r-devel-linux-x86_64-debian-clang, r-devel-linux-x86_64-debian-gcc, r-devel-windows-x86_64