Last updated on 2024-08-17 05:49:30 CEST.
Flavor | Version | Tinstall | Tcheck | Ttotal | Status | Flags |
---|---|---|---|---|---|---|
r-devel-linux-x86_64-debian-clang | 0.1.3 | 6.15 | 71.42 | 77.57 | NOTE | |
r-devel-linux-x86_64-debian-gcc | 0.1.3 | 5.44 | 53.29 | 58.73 | NOTE | |
r-devel-linux-x86_64-fedora-clang | 0.1.3 | 128.75 | NOTE | |||
r-devel-linux-x86_64-fedora-gcc | 0.1.3 | 135.44 | NOTE | |||
r-devel-windows-x86_64 | 0.1.3 | 8.00 | 84.00 | 92.00 | NOTE | |
r-patched-linux-x86_64 | 0.1.3 | 6.89 | 67.38 | 74.27 | NOTE | |
r-release-linux-x86_64 | 0.1.3 | 6.94 | 68.56 | 75.50 | NOTE | |
r-release-macos-arm64 | 0.1.3 | 44.00 | NOTE | |||
r-release-macos-x86_64 | 0.1.3 | 63.00 | NOTE | |||
r-release-windows-x86_64 | 0.1.3 | 8.00 | 84.00 | 92.00 | NOTE | |
r-oldrel-macos-arm64 | 0.1.3 | 47.00 | NOTE | |||
r-oldrel-macos-x86_64 | 0.1.3 | 82.00 | NOTE | |||
r-oldrel-windows-x86_64 | 0.1.3 | 13.00 | 95.00 | 108.00 | NOTE |
Version: 0.1.3
Check: LazyData
Result: NOTE
'LazyData' is specified without a 'data' directory
Flavors: r-devel-linux-x86_64-debian-clang, r-devel-linux-x86_64-debian-gcc, r-devel-linux-x86_64-fedora-clang, r-devel-linux-x86_64-fedora-gcc, r-devel-windows-x86_64, r-patched-linux-x86_64, r-release-linux-x86_64, r-release-macos-arm64, r-release-macos-x86_64, r-release-windows-x86_64, r-oldrel-macos-arm64, r-oldrel-macos-x86_64, r-oldrel-windows-x86_64