Last updated on 2025-02-04 05:50:27 CET.
Flavor | Version | Tinstall | Tcheck | Ttotal | Status | Flags |
---|---|---|---|---|---|---|
r-devel-linux-x86_64-debian-clang | 0.1.0 | 23.53 | 30.19 | 53.72 | OK | |
r-devel-linux-x86_64-debian-gcc | 0.1.0 | 19.79 | 23.92 | 43.71 | OK | |
r-devel-linux-x86_64-fedora-clang | 0.1.0 | 99.82 | NOTE | |||
r-devel-linux-x86_64-fedora-gcc | 0.1.0 | 102.70 | NOTE | |||
r-devel-windows-x86_64 | 0.1.0 | 29.00 | 73.00 | 102.00 | OK | |
r-patched-linux-x86_64 | 0.1.0 | 25.68 | 28.58 | 54.26 | NOTE | |
r-release-linux-x86_64 | 0.1.0 | 25.09 | 28.42 | 53.51 | NOTE | |
r-release-macos-arm64 | 0.1.0 | 29.00 | NOTE | |||
r-release-macos-x86_64 | 0.1.0 | 43.00 | NOTE | |||
r-release-windows-x86_64 | 0.1.0 | 29.00 | 79.00 | 108.00 | NOTE | |
r-oldrel-macos-arm64 | 0.1.0 | 38.00 | NOTE | |||
r-oldrel-macos-x86_64 | 0.1.0 | 51.00 | NOTE | |||
r-oldrel-windows-x86_64 | 0.1.0 | 34.00 | 79.00 | 113.00 | NOTE |
Version: 0.1.0
Check: compiled code
Result: NOTE
File ‘pgee.mixed/libs/pgee.mixed.so’:
Found no calls to: ‘R_registerRoutines’, ‘R_useDynamicSymbols’
It is good practice to register native routines and to disable symbol
search.
See ‘Writing portable packages’ in the ‘Writing R Extensions’ manual.
Flavors: r-devel-linux-x86_64-fedora-clang, r-devel-linux-x86_64-fedora-gcc
Version: 0.1.0
Check: LazyData
Result: NOTE
'LazyData' is specified without a 'data' directory
Flavors: r-patched-linux-x86_64, r-release-linux-x86_64, r-release-macos-arm64, r-release-macos-x86_64, r-release-windows-x86_64, r-oldrel-macos-arm64, r-oldrel-macos-x86_64, r-oldrel-windows-x86_64