Last updated on 2024-08-17 05:49:30 CEST.
Flavor | Version | Tinstall | Tcheck | Ttotal | Status | Flags |
---|---|---|---|---|---|---|
r-devel-linux-x86_64-debian-clang | 0.3.1 | 2.13 | 25.83 | 27.96 | NOTE | |
r-devel-linux-x86_64-debian-gcc | 0.3.1 | 1.62 | 20.00 | 21.62 | NOTE | |
r-devel-linux-x86_64-fedora-clang | 0.3.1 | 43.99 | NOTE | |||
r-devel-linux-x86_64-fedora-gcc | 0.3.1 | 42.58 | NOTE | |||
r-devel-windows-x86_64 | 0.3.1 | 3.00 | 48.00 | 51.00 | NOTE | |
r-patched-linux-x86_64 | 0.3.1 | 2.13 | 24.04 | 26.17 | NOTE | |
r-release-linux-x86_64 | 0.3.1 | 2.25 | 24.36 | 26.61 | NOTE | |
r-release-macos-arm64 | 0.3.1 | 17.00 | NOTE | |||
r-release-macos-x86_64 | 0.3.1 | 24.00 | NOTE | |||
r-release-windows-x86_64 | 0.3.1 | 4.00 | 46.00 | 50.00 | NOTE | |
r-oldrel-macos-arm64 | 0.3.1 | 18.00 | NOTE | |||
r-oldrel-macos-x86_64 | 0.3.1 | 24.00 | NOTE | |||
r-oldrel-windows-x86_64 | 0.3.1 | 4.00 | 51.00 | 55.00 | NOTE |
Version: 0.3.1
Check: LazyData
Result: NOTE
'LazyData' is specified without a 'data' directory
Flavors: r-devel-linux-x86_64-debian-clang, r-devel-linux-x86_64-debian-gcc, r-devel-linux-x86_64-fedora-clang, r-devel-linux-x86_64-fedora-gcc, r-devel-windows-x86_64, r-patched-linux-x86_64, r-release-linux-x86_64, r-release-macos-arm64, r-release-macos-x86_64, r-release-windows-x86_64, r-oldrel-macos-arm64, r-oldrel-macos-x86_64, r-oldrel-windows-x86_64