Last updated on 2024-08-17 05:49:30 CEST.
Flavor | Version | Tinstall | Tcheck | Ttotal | Status | Flags |
---|---|---|---|---|---|---|
r-devel-linux-x86_64-debian-clang | 2.2.2 | 358.60 | 118.49 | 477.09 | OK | |
r-devel-linux-x86_64-debian-gcc | 2.2.2 | 275.07 | 82.97 | 358.04 | OK | |
r-devel-linux-x86_64-fedora-clang | 2.2.2 | 775.16 | NOTE | |||
r-devel-linux-x86_64-fedora-gcc | 2.2.2 | 1002.37 | OK | |||
r-devel-windows-x86_64 | 2.2.2 | 324.00 | 163.00 | 487.00 | OK | |
r-patched-linux-x86_64 | 2.2.2 | 381.12 | 112.18 | 493.30 | OK | |
r-release-linux-x86_64 | 2.2.2 | 389.90 | 112.38 | 502.28 | OK | |
r-release-macos-arm64 | 2.2.2 | 207.00 | NOTE | |||
r-release-macos-x86_64 | 2.2.2 | 405.00 | NOTE | |||
r-release-windows-x86_64 | 2.2.2 | 338.00 | 162.00 | 500.00 | OK | |
r-oldrel-macos-arm64 | 2.2.2 | 242.00 | ERROR | |||
r-oldrel-macos-x86_64 | 2.2.2 | 293.00 | ERROR | |||
r-oldrel-windows-x86_64 | 2.2.2 | 407.00 | 204.00 | 611.00 | OK |
Version: 2.2.2
Check: installed package size
Result: NOTE
installed size is 5.4Mb
sub-directories of 1Mb or more:
libs 4.2Mb
Flavors: r-devel-linux-x86_64-fedora-clang, r-release-macos-arm64, r-release-macos-x86_64, r-oldrel-macos-arm64, r-oldrel-macos-x86_64
Version: 2.2.2
Check: running R code from vignettes
Result: ERROR
Errors in running code in vignettes:
when running code in ‘migration_guide.Rmd’
...
> set.seed(1234)
> fitted_with_cv <- pense(x, y, alpha = 0.6, nlambda = 40,
+ warm_reset = 5, cv_k = 5)
When sourcing ‘migration_guide.R’:
Error: The `cv_k` argument of `pense()` was deprecated in pense 2.0.0 and is
now defunct.
ℹ Please use `pense_cv()` instead.
Execution halted
‘computing_adapense.Rmd’ using ‘UTF-8’... [1s/2s] OK
‘lambda_grids.Rmd’ using ‘UTF-8’... [1s/1s] OK
‘migration_guide.Rmd’ using ‘UTF-8’... failed
Flavor: r-oldrel-macos-arm64
Version: 2.2.2
Check: running R code from vignettes
Result: ERROR
Errors in running code in vignettes:
when running code in ‘migration_guide.Rmd’
...
> set.seed(1234)
> fitted_with_cv <- pense(x, y, alpha = 0.6, nlambda = 40,
+ warm_reset = 5, cv_k = 5)
When sourcing ‘migration_guide.R’:
Error: The `cv_k` argument of `pense()` was deprecated in pense 2.0.0 and is
now defunct.
ℹ Please use `pense_cv()` instead.
Execution halted
‘computing_adapense.Rmd’ using ‘UTF-8’... [2s/2s] OK
‘lambda_grids.Rmd’ using ‘UTF-8’... [2s/2s] OK
‘migration_guide.Rmd’ using ‘UTF-8’... failed
Flavor: r-oldrel-macos-x86_64