Last updated on 2024-08-17 05:49:30 CEST.
Flavor | Version | Tinstall | Tcheck | Ttotal | Status | Flags |
---|---|---|---|---|---|---|
r-devel-linux-x86_64-debian-clang | 0.99 | 9.84 | 23.71 | 33.55 | OK | |
r-devel-linux-x86_64-debian-gcc | 0.99 | 6.94 | 18.65 | 25.59 | OK | |
r-devel-linux-x86_64-fedora-clang | 0.99 | 59.26 | NOTE | |||
r-devel-linux-x86_64-fedora-gcc | 0.99 | 57.90 | NOTE | |||
r-devel-windows-x86_64 | 0.99 | 12.00 | 63.00 | 75.00 | OK | |
r-patched-linux-x86_64 | 0.99 | 10.40 | 22.52 | 32.92 | OK | |
r-release-linux-x86_64 | 0.99 | 10.20 | 22.68 | 32.88 | OK | |
r-release-macos-arm64 | 0.99 | 20.00 | OK | |||
r-release-macos-x86_64 | 0.99 | 30.00 | OK | |||
r-release-windows-x86_64 | 0.99 | 14.00 | 64.00 | 78.00 | OK | |
r-oldrel-macos-arm64 | 0.99 | 21.00 | OK | |||
r-oldrel-macos-x86_64 | 0.99 | 35.00 | OK | |||
r-oldrel-windows-x86_64 | 0.99 | 15.00 | 142.00 | 157.00 | OK |
Version: 0.99
Check: compiled code
Result: NOTE
File ‘penMSM/libs/penMSM.so’:
Found no calls to: ‘R_registerRoutines’, ‘R_useDynamicSymbols’
It is good practice to register native routines and to disable symbol
search.
See ‘Writing portable packages’ in the ‘Writing R Extensions’ manual.
Flavors: r-devel-linux-x86_64-fedora-clang, r-devel-linux-x86_64-fedora-gcc